Last updated on 2025-10-22 09:50:51 CEST.
Flavor | Version | Tinstall | Tcheck | Ttotal | Status | Flags |
---|---|---|---|---|---|---|
r-devel-linux-x86_64-debian-clang | 0.5.1 | 5.87 | 68.68 | 74.55 | NOTE | |
r-devel-linux-x86_64-debian-gcc | 0.5.1 | 3.64 | 54.41 | 58.05 | NOTE | |
r-devel-linux-x86_64-fedora-clang | 0.5.1 | 12.00 | 105.26 | 117.26 | OK | |
r-devel-linux-x86_64-fedora-gcc | 0.5.1 | 15.00 | 111.21 | 126.21 | OK | |
r-devel-windows-x86_64 | 0.5.1 | 7.00 | 89.00 | 96.00 | OK | |
r-patched-linux-x86_64 | 0.5.1 | 5.94 | 66.31 | 72.25 | OK | |
r-release-linux-x86_64 | 0.5.1 | 4.96 | 65.68 | 70.64 | OK | |
r-release-macos-arm64 | 0.5.1 | 3.00 | 44.00 | 47.00 | OK | |
r-release-macos-x86_64 | 0.5.1 | 4.00 | 94.00 | 98.00 | OK | |
r-release-windows-x86_64 | 0.5.1 | 7.00 | 87.00 | 94.00 | OK | |
r-oldrel-macos-arm64 | 0.5.1 | 3.00 | 45.00 | 48.00 | OK | |
r-oldrel-macos-x86_64 | 0.5.1 | 5.00 | 94.00 | 99.00 | OK | |
r-oldrel-windows-x86_64 | 0.5.1 | 9.00 | 105.00 | 114.00 | OK |
Version: 0.5.1
Check: HTML version of manual
Result: NOTE
Found the following HTML validation problems:
common_arguments.html:101:1 (common_arguments.Rd:47): Warning: missing </ul> before </div>
print.sdc_distinct_ids.html:70:1 (print.sdc_distinct_ids.Rd:30): Warning: missing </ul> before </div>
Flavors: r-devel-linux-x86_64-debian-clang, r-devel-linux-x86_64-debian-gcc