Last updated on 2025-10-22 09:50:51 CEST.
Flavor | Version | Tinstall | Tcheck | Ttotal | Status | Flags |
---|---|---|---|---|---|---|
r-devel-linux-x86_64-debian-clang | 0.1.0 | 17.15 | 129.45 | 146.60 | NOTE | |
r-devel-linux-x86_64-debian-gcc | 0.1.0 | 11.29 | 91.65 | 102.94 | NOTE | |
r-devel-linux-x86_64-fedora-clang | 0.1.0 | 35.00 | 184.11 | 219.11 | OK | |
r-devel-linux-x86_64-fedora-gcc | 0.1.0 | 35.00 | 174.67 | 209.67 | OK | |
r-devel-windows-x86_64 | 0.1.0 | 17.00 | 124.00 | 141.00 | OK | |
r-patched-linux-x86_64 | 0.1.0 | 16.36 | 121.60 | 137.96 | OK | |
r-release-linux-x86_64 | 0.1.0 | 14.55 | 121.30 | 135.85 | OK | |
r-release-macos-arm64 | 0.1.0 | 6.00 | 48.00 | 54.00 | OK | |
r-release-macos-x86_64 | 0.1.0 | 14.00 | 99.00 | 113.00 | OK | |
r-release-windows-x86_64 | 0.1.0 | 17.00 | 129.00 | 146.00 | OK | |
r-oldrel-macos-arm64 | 0.1.0 | 6.00 | 47.00 | 53.00 | OK | |
r-oldrel-macos-x86_64 | 0.1.0 | 9.00 | 71.00 | 80.00 | OK | |
r-oldrel-windows-x86_64 | 0.1.0 | 22.00 | 162.00 | 184.00 | OK |
Version: 0.1.0
Check: HTML version of manual
Result: NOTE
Found the following HTML validation problems:
initialize_ss.html:50:1 (initialize_ss.Rd:12): Warning: missing </ul> before </div>
matmult3d.html:46:1 (matmult3d.Rd:10): Warning: missing </ul> before </div>
pct.html:46:1 (pct.Rd:10): Warning: missing </ul> before </div>
substr_r.html:50:1 (substr_r.Rd:12): Warning: missing </ul> before </div>
ts_c.html:52:1 (ts_c.Rd:13): Warning: missing </ul> before </div>
Flavors: r-devel-linux-x86_64-debian-clang, r-devel-linux-x86_64-debian-gcc