Last updated on 2025-10-22 09:50:51 CEST.
Flavor | Version | Tinstall | Tcheck | Ttotal | Status | Flags |
---|---|---|---|---|---|---|
r-devel-linux-x86_64-debian-clang | 2.2.4 | 11.89 | 152.89 | 164.78 | NOTE | |
r-devel-linux-x86_64-debian-gcc | 2.2.4 | 7.22 | 105.87 | 113.09 | NOTE | |
r-devel-linux-x86_64-fedora-clang | 2.2.4 | 26.00 | 215.76 | 241.76 | OK | |
r-devel-linux-x86_64-fedora-gcc | 2.2.4 | 30.00 | 223.75 | 253.75 | OK | |
r-devel-windows-x86_64 | 2.2.4 | 14.00 | 323.00 | 337.00 | OK | |
r-patched-linux-x86_64 | 2.2.4 | 17.15 | 144.93 | 162.08 | OK | |
r-release-linux-x86_64 | 2.2.4 | 12.87 | 143.78 | 156.65 | OK | |
r-release-macos-arm64 | 2.2.4 | 5.00 | 70.00 | 75.00 | OK | |
r-release-macos-x86_64 | 2.2.4 | 14.00 | 139.00 | 153.00 | OK | |
r-release-windows-x86_64 | 2.2.4 | 15.00 | 215.00 | 230.00 | OK | |
r-oldrel-macos-arm64 | 2.2.4 | 6.00 | 75.00 | 81.00 | OK | |
r-oldrel-macos-x86_64 | 2.2.4 | 16.00 | 159.00 | 175.00 | OK | |
r-oldrel-windows-x86_64 | 2.2.4 | 22.00 | 244.00 | 266.00 | OK |
Version: 2.2.4
Check: HTML version of manual
Result: NOTE
Found the following HTML validation problems:
logspec.dist.html:78:1 (logspec.dist.Rd:39): Warning: <h3> anchor "_sec_note" already defined
sh.html:94:1 (sh.Rd:65): Warning: <h3> anchor "_sec_note" already defined
spectro.html:346:1 (spectro.Rd:166): Warning: <h3> anchor "_sec_note" already defined
Flavors: r-devel-linux-x86_64-debian-clang, r-devel-linux-x86_64-debian-gcc