Last updated on 2025-10-22 09:50:51 CEST.
Flavor | Version | Tinstall | Tcheck | Ttotal | Status | Flags |
---|---|---|---|---|---|---|
r-devel-linux-x86_64-debian-clang | 0.11.3 | 5.28 | 166.91 | 172.19 | NOTE | |
r-devel-linux-x86_64-debian-gcc | 0.11.3 | 4.79 | 117.12 | 121.91 | NOTE | |
r-devel-linux-x86_64-fedora-clang | 0.11.3 | 13.00 | 253.73 | 266.73 | OK | |
r-devel-linux-x86_64-fedora-gcc | 0.11.3 | 19.00 | 256.80 | 275.80 | OK | |
r-devel-windows-x86_64 | 0.11.3 | 9.00 | 151.00 | 160.00 | OK | |
r-patched-linux-x86_64 | 0.11.3 | 7.15 | 158.15 | 165.30 | OK | |
r-release-linux-x86_64 | 0.11.3 | 6.72 | 159.83 | 166.55 | OK | |
r-release-macos-arm64 | 0.11.3 | 3.00 | 84.00 | 87.00 | OK | |
r-release-macos-x86_64 | 0.11.3 | 5.00 | 120.00 | 125.00 | OK | |
r-release-windows-x86_64 | 0.11.3 | 9.00 | 152.00 | 161.00 | OK | |
r-oldrel-macos-arm64 | 0.11.3 | 3.00 | 77.00 | 80.00 | OK | |
r-oldrel-macos-x86_64 | 0.11.3 | 6.00 | 121.00 | 127.00 | OK | |
r-oldrel-windows-x86_64 | 0.11.3 | 12.00 | 200.00 | 212.00 | OK |
Version: 0.11.3
Check: HTML version of manual
Result: NOTE
Found the following HTML validation problems:
gen_userp.html:202:1 (gen_userp.Rd:68): Warning: <h4> anchor "+E2+80+98gen_userp+E2+80+99" already defined
gen_userp.html:217:1 (gen_userp.Rd:81): Warning: <h4> anchor "+E2+80+98gen_sem_out_userp+E2+80+99" already defined
Flavors: r-devel-linux-x86_64-debian-clang, r-devel-linux-x86_64-debian-gcc