Last updated on 2025-10-21 09:48:46 CEST.
Flavor | Version | Tinstall | Tcheck | Ttotal | Status | Flags |
---|---|---|---|---|---|---|
r-devel-linux-x86_64-debian-clang | 0.1.0 | 2.55 | 20.86 | 23.41 | NOTE | |
r-devel-linux-x86_64-debian-gcc | 0.1.0 | 1.75 | 17.65 | 19.40 | NOTE | |
r-devel-linux-x86_64-fedora-clang | 0.1.0 | 32.70 | NOTE | |||
r-devel-linux-x86_64-fedora-gcc | 0.1.0 | 31.71 | NOTE | |||
r-devel-windows-x86_64 | 0.1.0 | 3.00 | 39.00 | 42.00 | NOTE | |
r-patched-linux-x86_64 | 0.1.0 | 1.77 | 19.05 | 20.82 | NOTE | |
r-release-linux-x86_64 | 0.1.0 | 2.42 | 19.04 | 21.46 | NOTE | |
r-release-macos-arm64 | 0.1.0 | 18.00 | NOTE | |||
r-release-macos-x86_64 | 0.1.0 | 25.00 | NOTE | |||
r-release-windows-x86_64 | 0.1.0 | 3.00 | 40.00 | 43.00 | NOTE | |
r-oldrel-macos-arm64 | 0.1.0 | 15.00 | NOTE | |||
r-oldrel-macos-x86_64 | 0.1.0 | 22.00 | NOTE | |||
r-oldrel-windows-x86_64 | 0.1.0 | 4.00 | 45.00 | 49.00 | NOTE |
Version: 0.1.0
Check: package subdirectories
Result: NOTE
Problems with news in ‘NEWS.md’:
No news entries found.
Flavors: r-devel-linux-x86_64-debian-clang, r-devel-linux-x86_64-debian-gcc, r-devel-linux-x86_64-fedora-clang, r-devel-linux-x86_64-fedora-gcc, r-devel-windows-x86_64, r-patched-linux-x86_64, r-release-linux-x86_64, r-release-macos-arm64, r-release-macos-x86_64, r-release-windows-x86_64, r-oldrel-macos-arm64, r-oldrel-macos-x86_64, r-oldrel-windows-x86_64
Version: 0.1.0
Check: HTML version of manual
Result: NOTE
Found the following HTML validation problems:
semVer.html:121:1 (semVer.Rd:79): Warning: <h5> anchor "Usage" already defined
semVer.html:127:1 (semVer.Rd:83): Warning: <h5> anchor "Arguments" already defined
semVer.html:143:1 (semVer.Rd:93): Warning: <h5> anchor "Returns" already defined
semVer.html:150:1 (semVer.Rd:96): Warning: <h5> anchor "Examples" already defined
semVer.html:168:1 (semVer.Rd:109): Warning: <h5> anchor "Usage" already defined
semVer.html:174:1 (semVer.Rd:113): Warning: <h5> anchor "Arguments" already defined
Flavor: r-devel-linux-x86_64-debian-gcc
Version: 0.1.0
Check: dependencies in R code
Result: NOTE
Namespace in Imports field not imported from: ‘R6’
All declared Imports should be used.
Flavors: r-devel-linux-x86_64-fedora-clang, r-devel-linux-x86_64-fedora-gcc
Version: 0.1.0
Check: LazyData
Result: NOTE
'LazyData' is specified without a 'data' directory
Flavors: r-oldrel-macos-arm64, r-oldrel-macos-x86_64, r-oldrel-windows-x86_64