Last updated on 2025-07-03 09:50:53 CEST.
Flavor | Version | Tinstall | Tcheck | Ttotal | Status | Flags |
---|---|---|---|---|---|---|
r-devel-linux-x86_64-debian-clang | 0.8.5 | 22.13 | 200.75 | 222.88 | NOTE | |
r-devel-linux-x86_64-debian-gcc | 0.8.5 | 12.82 | 130.54 | 143.36 | NOTE | |
r-devel-linux-x86_64-fedora-clang | 0.8.5 | 351.58 | NOTE | |||
r-devel-linux-x86_64-fedora-gcc | 0.8.5 | 381.97 | NOTE | |||
r-devel-windows-x86_64 | 0.8.5 | 23.00 | 199.00 | 222.00 | NOTE | |
r-patched-linux-x86_64 | 0.8.5 | 21.34 | 187.08 | 208.42 | NOTE | |
r-release-linux-x86_64 | 0.8.5 | 19.64 | 185.49 | 205.13 | NOTE | |
r-release-macos-arm64 | 0.8.5 | 103.00 | NOTE | |||
r-release-macos-x86_64 | 0.8.5 | 245.00 | NOTE | |||
r-release-windows-x86_64 | 0.8.5 | 23.00 | 201.00 | 224.00 | NOTE | |
r-oldrel-macos-arm64 | 0.8.5 | 98.00 | NOTE | |||
r-oldrel-macos-x86_64 | 0.8.5 | 208.00 | NOTE | |||
r-oldrel-windows-x86_64 | 0.8.5 | 29.00 | 260.00 | 289.00 | NOTE |
Version: 0.8.5
Check: CRAN incoming feasibility
Result: NOTE
Maintainer: ‘Gustavo Paterno <paternogbc@gmail.com>’
Package CITATION file contains call(s) to old-style personList() or
as.personList(). Please use c() on person objects instead.
Package CITATION file contains call(s) to old-style citEntry(). Please
use bibentry() instead.
Flavors: r-devel-linux-x86_64-debian-clang, r-devel-linux-x86_64-debian-gcc
Version: 0.8.5
Check: Rd files
Result: NOTE
checkRd: (-1) match_dataphy.Rd:37-38: Lost braces in \itemize; meant \describe ?
checkRd: (-1) match_dataphy.Rd:39-41: Lost braces in \itemize; meant \describe ?
checkRd: (-1) match_dataphy.Rd:42-44: Lost braces in \itemize; meant \describe ?
Flavors: r-devel-linux-x86_64-debian-clang, r-devel-linux-x86_64-debian-gcc, r-devel-linux-x86_64-fedora-clang, r-devel-linux-x86_64-fedora-gcc, r-devel-windows-x86_64, r-patched-linux-x86_64, r-release-linux-x86_64, r-release-macos-arm64, r-release-macos-x86_64, r-release-windows-x86_64, r-oldrel-macos-arm64, r-oldrel-macos-x86_64, r-oldrel-windows-x86_64