Last updated on 2025-07-03 09:50:53 CEST.
Flavor | Version | Tinstall | Tcheck | Ttotal | Status | Flags |
---|---|---|---|---|---|---|
r-devel-linux-x86_64-debian-clang | 0.0.1 | 12.21 | 97.39 | 109.60 | NOTE | |
r-devel-linux-x86_64-debian-gcc | 0.0.1 | 9.38 | 69.85 | 79.23 | NOTE | |
r-devel-linux-x86_64-fedora-clang | 0.0.1 | 167.67 | OK | |||
r-devel-linux-x86_64-fedora-gcc | 0.0.1 | 167.03 | OK | |||
r-devel-windows-x86_64 | 0.0.1 | 13.00 | 100.00 | 113.00 | OK | |
r-patched-linux-x86_64 | 0.0.1 | 12.79 | 92.07 | 104.86 | OK | |
r-release-linux-x86_64 | 0.0.1 | 12.63 | 91.88 | 104.51 | OK | |
r-release-macos-arm64 | 0.0.1 | 55.00 | OK | |||
r-release-macos-x86_64 | 0.0.1 | 101.00 | OK | |||
r-release-windows-x86_64 | 0.0.1 | 13.00 | 99.00 | 112.00 | OK | |
r-oldrel-macos-arm64 | 0.0.1 | 50.00 | OK | |||
r-oldrel-macos-x86_64 | 0.0.1 | 78.00 | OK | |||
r-oldrel-windows-x86_64 | 0.0.1 | 18.00 | 126.00 | 144.00 | OK |
Version: 0.0.1
Check: CRAN incoming feasibility
Result: NOTE
Maintainer: ‘Bo Zhang <bozhan@wharton.upenn.edu>’
No Authors@R field in DESCRIPTION.
Please add one, modifying
Authors@R: person(given = "Bo",
family = "Zhang",
role = c("aut", "cre"),
email = "bozhan@wharton.upenn.edu")
as necessary.
The Description field contains
B., Small, D. S. (2018). <arXiv:1812.00215>.
Please refer to arXiv e-prints via their arXiv DOI <doi:10.48550/arXiv.YYMM.NNNNN>.
Flavors: r-devel-linux-x86_64-debian-clang, r-devel-linux-x86_64-debian-gcc