Last updated on 2025-10-23 09:50:59 CEST.
| Flavor | Version | Tinstall | Tcheck | Ttotal | Status | Flags |
|---|---|---|---|---|---|---|
| r-devel-linux-x86_64-debian-clang | 2.3.5 | 4.31 | 43.47 | 47.78 | NOTE | |
| r-devel-linux-x86_64-debian-gcc | 2.3.5 | 3.19 | 31.49 | 34.68 | NOTE | |
| r-devel-linux-x86_64-fedora-clang | 2.3.5 | 71.26 | OK | |||
| r-devel-linux-x86_64-fedora-gcc | 2.3.5 | 70.19 | OK | |||
| r-devel-windows-x86_64 | 2.3.5 | 5.00 | 64.00 | 69.00 | OK | |
| r-patched-linux-x86_64 | 2.3.5 | 4.39 | 41.27 | 45.66 | OK | |
| r-release-linux-x86_64 | 2.3.5 | 3.94 | 41.29 | 45.23 | OK | |
| r-release-macos-arm64 | 2.3.5 | 2.00 | 24.00 | 26.00 | OK | |
| r-release-macos-x86_64 | 2.3.5 | 4.00 | 38.00 | 42.00 | OK | |
| r-release-windows-x86_64 | 2.3.5 | 4.00 | 66.00 | 70.00 | OK | |
| r-oldrel-macos-arm64 | 2.3.5 | 2.00 | 23.00 | 25.00 | OK | |
| r-oldrel-macos-x86_64 | 2.3.5 | 6.00 | 77.00 | 83.00 | OK | |
| r-oldrel-windows-x86_64 | 2.3.5 | 5.00 | 73.00 | 78.00 | OK |
Version: 2.3.5
Check: CRAN incoming feasibility
Result: NOTE
Maintainer: ‘Irene Castro Conde <irene.castro@uvigo.es>’
No Authors@R field in DESCRIPTION.
Please add one, modifying
Authors@R: c(person(given = c("Irene", "Castro"),
family = "Conde",
role = c("aut", "cre"),
email = "irene.castro@uvigo.es"),
person(given = c("Jacobo", "de", "Una"),
family = "Alvarez",
role = "aut"))
as necessary.
Flavors: r-devel-linux-x86_64-debian-clang, r-devel-linux-x86_64-debian-gcc