Last updated on 2025-10-21 09:48:47 CEST.
Flavor | Version | Tinstall | Tcheck | Ttotal | Status | Flags |
---|---|---|---|---|---|---|
r-devel-linux-x86_64-debian-clang | 0.3.0 | 4.70 | 40.37 | 45.07 | OK | |
r-devel-linux-x86_64-debian-gcc | 0.3.0 | 3.77 | 31.53 | 35.30 | NOTE | |
r-devel-linux-x86_64-fedora-clang | 0.3.0 | 65.96 | OK | |||
r-devel-linux-x86_64-fedora-gcc | 0.3.0 | 63.14 | OK | |||
r-devel-windows-x86_64 | 0.3.0 | 7.00 | 57.00 | 64.00 | OK | |
r-patched-linux-x86_64 | 0.3.0 | 4.99 | 37.49 | 42.48 | OK | |
r-release-linux-x86_64 | 0.3.0 | 4.54 | 37.87 | 42.41 | OK | |
r-release-macos-arm64 | 0.3.0 | 29.00 | OK | |||
r-release-macos-x86_64 | 0.3.0 | 46.00 | OK | |||
r-release-windows-x86_64 | 0.3.0 | 7.00 | 58.00 | 65.00 | OK | |
r-oldrel-macos-arm64 | 0.3.0 | 24.00 | OK | |||
r-oldrel-macos-x86_64 | 0.3.0 | 33.00 | OK | |||
r-oldrel-windows-x86_64 | 0.3.0 | 8.00 | 69.00 | 77.00 | OK |
Version: 0.3.0
Check: HTML version of manual
Result: NOTE
Found the following HTML validation problems:
Translator.html:149:1 (Translator.Rd:99): Warning: <h5> anchor "Usage" already defined
Translator.html:165:1 (Translator.Rd:109): Warning: <h5> anchor "Usage" already defined
Translator.html:181:1 (Translator.Rd:119): Warning: <h5> anchor "Usage" already defined
Translator.html:197:1 (Translator.Rd:129): Warning: <h5> anchor "Usage" already defined
Translator.html:213:1 (Translator.Rd:139): Warning: <h5> anchor "Usage" already defined
Translator.html:219:1 (Translator.Rd:143): Warning: <h5> anchor "Arguments" already defined
Translator.html:245:1 (Translator.Rd:159): Warning: <h5> anchor "Usage" already defined
Translator.html:251:1 (Translator.Rd:163): Warning: <h5> anchor "Arguments" already defined
Translator.html:277:1 (Translator.Rd:179): Warning: <h5> anchor "Usage" already defined
Translator.html:283:1 (Translator.Rd:183): Warning: <h5> anchor "Arguments" already defined
Translator.html:306:1 (Translator.Rd:196): Warning: <h5> anchor "Usage" already defined
Translator.html:312:1 (Translator.Rd:200): Warning: <h5> anchor "Arguments" already defined
Translator.html:335:1 (Translator.Rd:213): Warning: <h5> anchor "Usage" already defined
Translator.html:341:1 (Translator.Rd:217): Warning: <h5> anchor "Arguments" already defined
Translator.html:372:1 (Translator.Rd:234): Warning: <h5> anchor "Usage" already defined
Translator.html:378:1 (Translator.Rd:238): Warning: <h5> anchor "Arguments" already defined
Translator.html:405:1 (Translator.Rd:255): Warning: <h5> anchor "Usage" already defined
Translator.html:411:1 (Translator.Rd:259): Warning: <h5> anchor "Arguments" already defined
Translator.html:438:1 (Translator.Rd:276): Warning: <h5> anchor "Usage" already defined
Translator.html:454:1 (Translator.Rd:286): Warning: <h5> anchor "Usage" already defined
Translator.html:460:1 (Translator.Rd:290): Warning: <h5> anchor "Arguments" already defined
create_translation_file.html:62:1 (create_translation_file.Rd:19): Warning: missing </ul> before </div>
dot-onLoad.html:50:1 (dot-onLoad.Rd:12): Warning: missing </ul> before </div>
save_to_csv.html:52:1 (save_to_csv.Rd:13): Warning: missing </ul> before </div>
save_to_json.html:52:1 (save_to_json.Rd:13): Warning: missing </ul> before </div>
translate_with_google_cloud.html:52:1 (translate_with_google_cloud.Rd:13): Warning: missing </ul> before </div>
Flavor: r-devel-linux-x86_64-debian-gcc