Last updated on 2025-10-21 09:48:47 CEST.
Flavor | Version | Tinstall | Tcheck | Ttotal | Status | Flags |
---|---|---|---|---|---|---|
r-devel-linux-x86_64-debian-clang | 0.3.1 | 2.48 | 30.65 | 33.13 | OK | |
r-devel-linux-x86_64-debian-gcc | 0.3.1 | 2.06 | 24.47 | 26.53 | NOTE | |
r-devel-linux-x86_64-fedora-clang | 0.3.1 | 47.50 | OK | |||
r-devel-linux-x86_64-fedora-gcc | 0.3.1 | 45.70 | OK | |||
r-devel-windows-x86_64 | 0.3.1 | 5.00 | 50.00 | 55.00 | OK | |
r-patched-linux-x86_64 | 0.3.1 | 3.08 | 28.08 | 31.16 | OK | |
r-release-linux-x86_64 | 0.3.1 | 2.80 | 27.92 | 30.72 | OK | |
r-release-macos-arm64 | 0.3.1 | 30.00 | OK | |||
r-release-macos-x86_64 | 0.3.1 | 49.00 | OK | |||
r-release-windows-x86_64 | 0.3.1 | 5.00 | 51.00 | 56.00 | OK | |
r-oldrel-macos-arm64 | 0.3.1 | 19.00 | OK | |||
r-oldrel-macos-x86_64 | 0.3.1 | 27.00 | OK | |||
r-oldrel-windows-x86_64 | 0.3.1 | 7.00 | 59.00 | 66.00 | OK |
Version: 0.3.1
Check: HTML version of manual
Result: NOTE
Found the following HTML validation problems:
attach_attribs.html:52:1 (attach_attribs.Rd:12): Warning: missing </ul> before </div>
change_page.html:60:1 (change_page.Rd:16): Warning: missing </ul> before </div>
disable_bootstrap_on_bookmark.html:47:1 (disable_bootstrap_on_bookmark.Rd:10): Warning: missing </ul> before </div>
dot-onAttach.html:50:1 (dot-onAttach.Rd:12): Warning: missing </ul> before </div>
is_page.html:57:1 (is_page.Rd:15): Warning: missing </ul> before </div>
log_msg.html:52:1 (log_msg.Rd:15): Warning: missing </ul> before </div>
router_server_internal.html:46:1 (router_server_internal.Rd:10): Warning: missing </ul> before </div>
Flavor: r-devel-linux-x86_64-debian-gcc