Last updated on 2025-10-22 09:50:52 CEST.
Flavor | Version | Tinstall | Tcheck | Ttotal | Status | Flags |
---|---|---|---|---|---|---|
r-devel-linux-x86_64-debian-clang | 1.0.0 | 10.98 | 75.19 | 86.17 | NOTE | |
r-devel-linux-x86_64-debian-gcc | 1.0.0 | 7.03 | 52.13 | 59.16 | NOTE | |
r-devel-linux-x86_64-fedora-clang | 1.0.0 | 43.00 | 90.74 | 133.74 | OK | |
r-devel-linux-x86_64-fedora-gcc | 1.0.0 | 38.00 | 87.47 | 125.47 | OK | |
r-devel-windows-x86_64 | 1.0.0 | 14.00 | 85.00 | 99.00 | OK | |
r-patched-linux-x86_64 | 1.0.0 | 11.75 | 68.81 | 80.56 | OK | |
r-release-linux-x86_64 | 1.0.0 | 10.18 | 68.39 | 78.57 | OK | |
r-release-macos-arm64 | 1.0.0 | 5.00 | 33.00 | 38.00 | OK | |
r-release-macos-x86_64 | 1.0.0 | 10.00 | 59.00 | 69.00 | OK | |
r-release-windows-x86_64 | 1.0.0 | 17.00 | 87.00 | 104.00 | OK | |
r-oldrel-macos-arm64 | 1.0.0 | 3.00 | 199.00 | 202.00 | OK | |
r-oldrel-macos-x86_64 | 1.0.0 | 6.00 | 218.00 | 224.00 | OK | |
r-oldrel-windows-x86_64 | 1.0.0 | 18.00 | 104.00 | 122.00 | OK |
Version: 1.0.0
Check: HTML version of manual
Result: NOTE
Found the following HTML validation problems:
create_ksrates_cmd.html:54:1 (create_ksrates_cmd.Rd:14): Warning: missing </ul> before </div>
create_ksrates_cmd_from_table.html:58:1 (create_ksrates_cmd_from_table.Rd:16): Warning: missing </ul> before </div>
create_ksrates_configure_file_based_on_table.html:73:1 (create_ksrates_configure_file_based_on_table.Rd:27): Warning: missing </ul> before </div>
create_ksrates_configure_file_v2.html:54:1 (create_ksrates_configure_file_v2.Rd:14): Warning: missing </ul> before </div>
create_ksrates_expert_parameter_file.html:46:1 (create_ksrates_expert_parameter_file.Rd:10): Warning: missing </ul> before </div>
Flavors: r-devel-linux-x86_64-debian-clang, r-devel-linux-x86_64-debian-gcc