Last updated on 2025-10-22 09:50:52 CEST.
Flavor | Version | Tinstall | Tcheck | Ttotal | Status | Flags |
---|---|---|---|---|---|---|
r-devel-linux-x86_64-debian-clang | 0.2.0 | 7.36 | 62.64 | 70.00 | NOTE | |
r-devel-linux-x86_64-debian-gcc | 0.2.0 | 5.20 | 45.66 | 50.86 | NOTE | |
r-devel-linux-x86_64-fedora-clang | 0.2.0 | 71.00 | 46.60 | 117.60 | NOTE | |
r-devel-linux-x86_64-fedora-gcc | 0.2.0 | 21.00 | 95.04 | 116.04 | NOTE | |
r-devel-windows-x86_64 | 0.2.0 | 9.00 | 86.00 | 95.00 | OK | |
r-patched-linux-x86_64 | 0.2.0 | 6.48 | 57.92 | 64.40 | OK | |
r-release-linux-x86_64 | 0.2.0 | 5.60 | 58.20 | 63.80 | OK | |
r-release-macos-arm64 | 0.2.0 | 4.00 | 42.00 | 46.00 | OK | |
r-release-macos-x86_64 | 0.2.0 | 6.00 | 63.00 | 69.00 | OK | |
r-release-windows-x86_64 | 0.2.0 | 10.00 | 84.00 | 94.00 | OK | |
r-oldrel-macos-arm64 | 0.2.0 | 3.00 | 36.00 | 39.00 | NOTE | |
r-oldrel-macos-x86_64 | 0.2.0 | 5.00 | 53.00 | 58.00 | NOTE | |
r-oldrel-windows-x86_64 | 0.2.0 | 11.00 | 95.00 | 106.00 | NOTE |
Version: 0.2.0
Check: HTML version of manual
Result: NOTE
Found the following HTML validation problems:
convert_selection.html:48:1 (convert_selection.Rd:10): Warning: missing </ul> before </div>
Flavors: r-devel-linux-x86_64-debian-clang, r-devel-linux-x86_64-debian-gcc
Version: 0.2.0
Check: dependencies in R code
Result: NOTE
Namespace in Imports field not imported from: ‘purrr’
All declared Imports should be used.
Flavors: r-devel-linux-x86_64-fedora-clang, r-devel-linux-x86_64-fedora-gcc
Version: 0.2.0
Check: LazyData
Result: NOTE
'LazyData' is specified without a 'data' directory
Flavors: r-oldrel-macos-arm64, r-oldrel-macos-x86_64, r-oldrel-windows-x86_64