Last updated on 2025-07-03 09:50:53 CEST.
Flavor | Version | Tinstall | Tcheck | Ttotal | Status | Flags |
---|---|---|---|---|---|---|
r-devel-linux-x86_64-debian-clang | 0.7.1 | 7.03 | 99.07 | 106.10 | NOTE | |
r-devel-linux-x86_64-debian-gcc | 0.7.1 | 4.56 | 67.00 | 71.56 | NOTE | |
r-devel-linux-x86_64-fedora-clang | 0.7.1 | 160.62 | NOTE | |||
r-devel-linux-x86_64-fedora-gcc | 0.7.1 | 164.13 | NOTE | |||
r-devel-windows-x86_64 | 0.7.1 | 8.00 | 107.00 | 115.00 | NOTE | |
r-patched-linux-x86_64 | 0.7.1 | 7.89 | 89.52 | 97.41 | NOTE | |
r-release-linux-x86_64 | 0.7.1 | 6.76 | 89.28 | 96.04 | NOTE | |
r-release-macos-arm64 | 0.7.1 | 54.00 | NOTE | |||
r-release-macos-x86_64 | 0.7.1 | 89.00 | NOTE | |||
r-release-windows-x86_64 | 0.7.1 | 11.00 | 107.00 | 118.00 | NOTE | |
r-oldrel-macos-arm64 | 0.7.1 | 51.00 | NOTE | |||
r-oldrel-macos-x86_64 | 0.7.1 | 82.00 | NOTE | |||
r-oldrel-windows-x86_64 | 0.7.1 | 13.00 | 136.00 | 149.00 | NOTE |
Version: 0.7.1
Check: Rd files
Result: NOTE
checkRd: (-1) inlandwaters.Rd:14: Lost braces in \itemize; meant \describe ?
checkRd: (-1) inlandwaters.Rd:15: Lost braces in \itemize; meant \describe ?
checkRd: (-1) inlandwaters.Rd:16: Lost braces in \itemize; meant \describe ?
checkRd: (-1) inlandwaters.Rd:17: Lost braces in \itemize; meant \describe ?
checkRd: (-1) inlandwaters.Rd:18: Lost braces in \itemize; meant \describe ?
checkRd: (-1) inlandwaters.Rd:19: Lost braces in \itemize; meant \describe ?
Flavors: r-devel-linux-x86_64-debian-clang, r-devel-linux-x86_64-debian-gcc, r-devel-linux-x86_64-fedora-clang, r-devel-linux-x86_64-fedora-gcc, r-devel-windows-x86_64, r-patched-linux-x86_64, r-release-linux-x86_64, r-release-macos-arm64, r-release-macos-x86_64, r-release-windows-x86_64, r-oldrel-macos-arm64, r-oldrel-macos-x86_64, r-oldrel-windows-x86_64