CRAN Package Check Results for Package simode

Last updated on 2025-10-21 09:48:47 CEST.

Flavor Version Tinstall Tcheck Ttotal Status Flags
r-devel-linux-x86_64-debian-clang 1.2.2 9.78 79.41 89.19 NOTE
r-devel-linux-x86_64-debian-gcc 1.2.2 6.36 58.09 64.45 NOTE
r-devel-linux-x86_64-fedora-clang 1.2.2 136.66 NOTE
r-devel-linux-x86_64-fedora-gcc 1.2.2 145.10 NOTE
r-devel-windows-x86_64 1.2.2 11.00 91.00 102.00 OK
r-patched-linux-x86_64 1.2.2 8.75 76.26 85.01 OK
r-release-linux-x86_64 1.2.2 8.98 76.49 85.47 OK
r-release-macos-arm64 1.2.2 50.00 OK
r-release-macos-x86_64 1.2.2 95.00 OK
r-release-windows-x86_64 1.2.2 11.00 92.00 103.00 OK
r-oldrel-macos-arm64 1.2.2 44.00 OK
r-oldrel-macos-x86_64 1.2.2 68.00 OK
r-oldrel-windows-x86_64 1.2.2 14.00 112.00 126.00 OK

Check Details

Version: 1.2.2
Check: CRAN incoming feasibility
Result: NOTE Maintainer: ‘Rami Yaari <ramiyaari@gmail.com>’ The Description field contains & Yaari (2018) <arXiv:1807.04202>. Dattner et al. (2017) Please refer to arXiv e-prints via their arXiv DOI <doi:10.48550/arXiv.YYMM.NNNNN>. Flavors: r-devel-linux-x86_64-debian-clang, r-devel-linux-x86_64-debian-gcc

Version: 1.2.2
Check: HTML version of manual
Result: NOTE Found the following HTML validation problems: plot.confint.simode.html:76:1 (plot.confint.simode.Rd:28): Warning: missing </ul> before </div> plot.list.simode.html:118:1 (plot.list.simode.Rd:58): Warning: missing </ul> before </div> plot.profile.simode.html:71:1 (plot.profile.simode.Rd:26): Warning: missing </ul> before </div> plot.simode.html:110:1 (plot.simode.Rd:53): Warning: missing </ul> before </div> plot_trace.html:80:1 (plot_trace.Rd:30): Warning: missing </ul> before </div> print.confint.simode.html:51:1 (print.confint.simode.Rd:12): Warning: missing </ul> before </div> print.profile.simode.html:51:1 (print.profile.simode.Rd:12): Warning: missing </ul> before </div> print.simode.html:51:1 (print.simode.Rd:12): Warning: missing </ul> before </div> print.summary.simode.html:51:1 (print.summary.simode.Rd:12): Warning: missing </ul> before </div> summary.simode.html:55:1 (summary.simode.Rd:14): Warning: missing </ul> before </div> Flavor: r-devel-linux-x86_64-debian-gcc

Version: 1.2.2
Check: dependencies in R code
Result: NOTE Namespace in Imports field not imported from: ‘quadprog’ All declared Imports should be used. Flavors: r-devel-linux-x86_64-fedora-clang, r-devel-linux-x86_64-fedora-gcc