Last updated on 2025-10-22 09:50:52 CEST.
Flavor | Version | Tinstall | Tcheck | Ttotal | Status | Flags |
---|---|---|---|---|---|---|
r-devel-linux-x86_64-debian-clang | 0.2.0 | 11.09 | 103.95 | 115.04 | NOTE | |
r-devel-linux-x86_64-debian-gcc | 0.2.0 | 6.53 | 77.02 | 83.55 | NOTE | |
r-devel-linux-x86_64-fedora-clang | 0.2.0 | 48.00 | 133.74 | 181.74 | OK | |
r-devel-linux-x86_64-fedora-gcc | 0.2.0 | 23.00 | 157.92 | 180.92 | OK | |
r-devel-windows-x86_64 | 0.2.0 | 13.00 | 219.00 | 232.00 | OK | |
r-patched-linux-x86_64 | 0.2.0 | 12.44 | 96.90 | 109.34 | OK | |
r-release-linux-x86_64 | 0.2.0 | 9.55 | 96.22 | 105.77 | OK | |
r-release-macos-arm64 | 0.2.0 | 5.00 | 60.00 | 65.00 | OK | |
r-release-macos-x86_64 | 0.2.0 | 9.00 | 119.00 | 128.00 | OK | |
r-release-windows-x86_64 | 0.2.0 | 17.00 | 214.00 | 231.00 | OK | |
r-oldrel-macos-arm64 | 0.2.0 | 5.00 | 73.00 | 78.00 | OK | |
r-oldrel-macos-x86_64 | 0.2.0 | 9.00 | 98.00 | 107.00 | OK | |
r-oldrel-windows-x86_64 | 0.2.0 | 16.00 | 241.00 | 257.00 | OK |
Version: 0.2.0
Check: DESCRIPTION meta-information
Result: NOTE
Author field differs from that derived from Authors@R
Author: ‘Sean Kross [aut], Scott Chamberlain [aut, cre] (<https://orcid.org/0000-0003-1444-9135>), Fred Hutchinson Cancer Center [fnd] (007ps6h72)’
Authors@R: ‘Sean Kross [aut], Scott Chamberlain [aut, cre] (ORCID: <https://orcid.org/0000-0003-1444-9135>), Fred Hutchinson Cancer Center [fnd] (ROR: <https://ror.org/007ps6h72>)’
Flavors: r-devel-linux-x86_64-debian-clang, r-devel-linux-x86_64-debian-gcc
Version: 0.2.0
Check: HTML version of manual
Result: NOTE
Found the following HTML validation problems:
bucket_create_if_not.html:52:1 (bucket_create_if_not.Rd:14): Warning: missing </ul> before </div>
paginate_aws_marker.html:55:1 (paginate_aws_marker.Rd:15): Warning: missing </ul> before </div>
paginate_aws_token.html:55:1 (paginate_aws_token.Rd:15): Warning: missing </ul> before </div>
path_s3_build.html:46:1 (path_s3_build.Rd:10): Warning: missing </ul> before </div>
wait_until.html:53:1 (wait_until.Rd:15): Warning: missing </ul> before </div>
Flavors: r-devel-linux-x86_64-debian-clang, r-devel-linux-x86_64-debian-gcc