Last updated on 2025-10-21 09:48:47 CEST.
Flavor | Version | Tinstall | Tcheck | Ttotal | Status | Flags |
---|---|---|---|---|---|---|
r-devel-linux-x86_64-debian-clang | 2.1-7 | 23.55 | 316.81 | 340.36 | OK | |
r-devel-linux-x86_64-debian-gcc | 2.1-7 | 14.93 | 206.58 | 221.51 | NOTE | |
r-devel-linux-x86_64-fedora-clang | 2.1-7 | 569.26 | OK | |||
r-devel-linux-x86_64-fedora-gcc | 2.1-7 | 520.81 | OK | |||
r-devel-windows-x86_64 | 2.1-7 | 27.00 | 304.00 | 331.00 | OK | |
r-patched-linux-x86_64 | 2.1-7 | 24.75 | 301.55 | 326.30 | OK | |
r-release-linux-x86_64 | 2.1-7 | 23.04 | 296.64 | 319.68 | OK | |
r-release-macos-arm64 | 2.1-7 | 126.00 | OK | |||
r-release-macos-x86_64 | 2.1-7 | 270.00 | OK | |||
r-release-windows-x86_64 | 2.1-7 | 27.00 | 309.00 | 336.00 | OK | |
r-oldrel-macos-arm64 | 2.1-7 | 98.00 | OK | |||
r-oldrel-macos-x86_64 | 2.1-7 | 164.00 | OK | |||
r-oldrel-windows-x86_64 | 2.1-7 | 37.00 | 393.00 | 430.00 | OK |
Version: 2.1-7
Check: top-level files
Result: NOTE
Found the following validation problem for the NEWS.Rd HTML conversion:
NEWS.html:375:1 (inst/NEWS.Rd:198): Warning: <h3> anchor "Changes-in-Version-1.9-7" already defined
Flavor: r-devel-linux-x86_64-debian-gcc
Version: 2.1-7
Check: HTML version of manual
Result: NOTE
Found the following HTML validation problems:
transform.html:75:1 (transform.Rd:21): Warning: missing </ul> before </div>
Flavor: r-devel-linux-x86_64-debian-gcc