Last updated on 2025-10-22 09:50:52 CEST.
Flavor | Version | Tinstall | Tcheck | Ttotal | Status | Flags |
---|---|---|---|---|---|---|
r-devel-linux-x86_64-debian-clang | 0.1-3 | 2.23 | 25.29 | 27.52 | NOTE | |
r-devel-linux-x86_64-debian-gcc | 0.1-3 | 1.64 | 20.23 | 21.87 | NOTE | |
r-devel-linux-x86_64-fedora-clang | 0.1-3 | 12.00 | 30.83 | 42.83 | OK | |
r-devel-linux-x86_64-fedora-gcc | 0.1-3 | 38.43 | OK | |||
r-devel-windows-x86_64 | 0.1-3 | 3.00 | 48.00 | 51.00 | OK | |
r-patched-linux-x86_64 | 0.1-3 | 1.95 | 24.25 | 26.20 | OK | |
r-release-linux-x86_64 | 0.1-3 | 2.23 | 24.39 | 26.62 | OK | |
r-release-macos-arm64 | 0.1-3 | 1.00 | 18.00 | 19.00 | OK | |
r-release-macos-x86_64 | 0.1-3 | 2.00 | 26.00 | 28.00 | OK | |
r-release-windows-x86_64 | 0.1-3 | 3.00 | 51.00 | 54.00 | OK | |
r-oldrel-macos-arm64 | 0.1-3 | 1.00 | 14.00 | 15.00 | OK | |
r-oldrel-macos-x86_64 | 0.1-3 | 2.00 | 27.00 | 29.00 | OK | |
r-oldrel-windows-x86_64 | 0.1-3 | 4.00 | 52.00 | 56.00 | OK |
Version: 0.1-3
Check: CRAN incoming feasibility
Result: NOTE
Maintainer: ‘Christian Hennig <christian.hennig@unibo.it>’
No Authors@R field in DESCRIPTION.
Please add one, modifying
Authors@R: person(given = "Christian",
family = "Hennig",
role = c("aut", "cre"),
email = "christian.hennig@unibo.it")
as necessary.
Flavors: r-devel-linux-x86_64-debian-clang, r-devel-linux-x86_64-debian-gcc