Last updated on 2025-10-21 09:48:48 CEST.
Flavor | Version | Tinstall | Tcheck | Ttotal | Status | Flags |
---|---|---|---|---|---|---|
r-devel-linux-x86_64-debian-clang | 1.1.8 | 30.51 | 178.89 | 209.40 | OK | |
r-devel-linux-x86_64-debian-gcc | 1.1.8 | 18.75 | 147.91 | 166.66 | NOTE | |
r-devel-linux-x86_64-fedora-clang | 1.1.8 | 355.52 | OK | |||
r-devel-linux-x86_64-fedora-gcc | 1.1.8 | 341.18 | OK | |||
r-devel-windows-x86_64 | 1.1.8 | 34.00 | 231.00 | 265.00 | OK | |
r-patched-linux-x86_64 | 1.1.8 | 29.87 | 205.71 | 235.58 | OK | |
r-release-linux-x86_64 | 1.1.8 | 28.29 | 208.15 | 236.44 | OK | |
r-release-macos-arm64 | 1.1.8 | 136.00 | OK | |||
r-release-macos-x86_64 | 1.1.8 | 213.00 | OK | |||
r-release-windows-x86_64 | 1.1.8 | 35.00 | 212.00 | 247.00 | OK | |
r-oldrel-macos-arm64 | 1.1.8 | 149.00 | OK | |||
r-oldrel-macos-x86_64 | 1.1.8 | 206.00 | OK | |||
r-oldrel-windows-x86_64 | 1.1.8 | 43.00 | 271.00 | 314.00 | OK |
Version: 1.1.8
Check: top-level files
Result: NOTE
Found the following validation problem for the NEWS.Rd HTML conversion:
NEWS.html:161:1 (inst/NEWS.Rd:98): Warning: <h4> anchor "Changes-in-+E2+80+98R+E2+80+99-code+3A" already defined
NEWS.html:187:1 (inst/NEWS.Rd:114): Warning: <h4> anchor "Changes-in-+E2+80+98R+E2+80+99-code+3A" already defined
NEWS.html:219:1 (inst/NEWS.Rd:132): Warning: <h4> anchor "Changes-in-+E2+80+98R+E2+80+99-code+3A" already defined
NEWS.html:245:1 (inst/NEWS.Rd:148): Warning: <h4> anchor "Changes-in-+E2+80+98R+E2+80+99-code+3A" already defined
NEWS.html:256:1 (inst/NEWS.Rd:154): Warning: <h4> anchor "Miscellaneous-changes+3A" already defined
NEWS.html:274:1 (inst/NEWS.Rd:166): Warning: <h4> anchor "Changes-in-+E2+80+98R+E2+80+99-code+3A" already defined
NEWS.html:288:1 (inst/NEWS.Rd:173): Warning: <h4> anchor "Documentation-changes+3A" already defined
NEWS.html:309:1 (inst/NEWS.Rd:185): Warning: <h4> anchor "Changes-in-+E2+80+98R+E2+80+99-code+3A" already defined
NEWS.html:320:1 (inst/NEWS.Rd:191): Warning: <h4> anchor "Documentation-changes+3A" already defined
NEWS.html:335:1 (inst/NEWS.Rd:200): Warning: <h4> anchor "Changes-in-+E2+80+98R+E2+80+99-code+3A" already defined
NEWS.html:352:1 (inst/NEWS.Rd:208): Warning: <h4> anchor "Documentation-changes+3A" already defined
NEWS.html:363:1 (inst/NEWS.Rd:214): Warning: <h4> anchor "Miscellaneous-changes+3A" already defined
NEWS.html:400:1 (inst/NEWS.Rd:237): Warning: <h4> anchor "Changes-in-+E2+80+98R+E2+80+99-code+3A" already defined
NEWS.html:411:1 (inst/NEWS.Rd:243): Warning: <h4> anchor "Changes-in-documentation+3A" already defined
NEWS.html:425:1 (inst/NEWS.Rd:250): Warning: <h4> anchor "Miscellaneous-changes+3A" already defined
Flavor: r-devel-linux-x86_64-debian-gcc