Last updated on 2025-10-21 09:48:48 CEST.
Flavor | Version | Tinstall | Tcheck | Ttotal | Status | Flags |
---|---|---|---|---|---|---|
r-devel-linux-x86_64-debian-clang | 1.2.0 | 39.10 | 532.86 | 571.96 | NOTE | |
r-devel-linux-x86_64-debian-gcc | 1.2.0 | 26.23 | 363.07 | 389.30 | NOTE | |
r-devel-linux-x86_64-fedora-clang | 1.2.0 | 912.22 | NOTE | |||
r-devel-linux-x86_64-fedora-gcc | 1.2.0 | 843.83 | NOTE | |||
r-devel-windows-x86_64 | 1.2.0 | 38.00 | 464.00 | 502.00 | NOTE | |
r-patched-linux-x86_64 | 1.2.0 | 34.77 | 503.86 | 538.63 | NOTE | |
r-release-linux-x86_64 | 1.2.0 | 34.73 | 505.87 | 540.60 | NOTE | |
r-release-macos-arm64 | 1.2.0 | 199.00 | NOTE | |||
r-release-macos-x86_64 | 1.2.0 | 442.00 | OK | |||
r-release-windows-x86_64 | 1.2.0 | 39.00 | 476.00 | 515.00 | NOTE | |
r-oldrel-macos-arm64 | 1.2.0 | 213.00 | NOTE | |||
r-oldrel-macos-x86_64 | 1.2.0 | 421.00 | NOTE | |||
r-oldrel-windows-x86_64 | 1.2.0 | 51.00 | 604.00 | 655.00 | NOTE |
Version: 1.2.0
Check: DESCRIPTION meta-information
Result: NOTE
Missing dependency on R >= 4.1.0 because package code uses the pipe
|> or function shorthand \(...) syntax added in R 4.1.0.
File(s) using such syntax:
‘gtable_ld_associations_combine.Rd’ ‘gtable_ld_grobs.Rd’
Flavors: r-devel-linux-x86_64-debian-clang, r-devel-linux-x86_64-debian-gcc, r-devel-linux-x86_64-fedora-clang, r-devel-linux-x86_64-fedora-gcc, r-devel-windows-x86_64, r-patched-linux-x86_64, r-release-linux-x86_64, r-release-macos-arm64, r-release-windows-x86_64
Version: 1.2.0
Check: HTML version of manual
Result: NOTE
Found the following HTML validation problems:
fetch_allele1.default.html:51:1 (fetch_allele1.default.Rd:12): Warning: missing </ul> before </div>
fetch_allele2.default.html:51:1 (fetch_allele2.default.Rd:12): Warning: missing </ul> before </div>
fetch_gds.GenotypeDataSubset.html:51:1 (fetch_gds.GenotypeDataSubset.Rd:12): Warning: missing </ul> before </div>
fetch_gds.default.html:51:1 (fetch_gds.default.Rd:12): Warning: missing </ul> before </div>
Flavor: r-devel-linux-x86_64-debian-gcc
Version: 1.2.0
Check: installed package size
Result: NOTE
installed size is 5.6Mb
sub-directories of 1Mb or more:
doc 4.2Mb
Flavors: r-oldrel-macos-arm64, r-oldrel-macos-x86_64, r-oldrel-windows-x86_64