Last updated on 2025-10-21 09:48:48 CEST.
Flavor | Version | Tinstall | Tcheck | Ttotal | Status | Flags |
---|---|---|---|---|---|---|
r-devel-linux-x86_64-debian-clang | 0.4.0 | 4.69 | 44.01 | 48.70 | NOTE | |
r-devel-linux-x86_64-debian-gcc | 0.4.0 | 3.04 | 32.49 | 35.53 | NOTE | |
r-devel-linux-x86_64-fedora-clang | 0.4.0 | 73.42 | NOTE | |||
r-devel-linux-x86_64-fedora-gcc | 0.4.0 | 81.16 | NOTE | |||
r-devel-windows-x86_64 | 0.4.0 | 7.00 | 71.00 | 78.00 | NOTE | |
r-patched-linux-x86_64 | 0.4.0 | 3.93 | 40.17 | 44.10 | NOTE | |
r-release-linux-x86_64 | 0.4.0 | 3.90 | 39.78 | 43.68 | NOTE | |
r-release-macos-arm64 | 0.4.0 | 36.00 | NOTE | |||
r-release-macos-x86_64 | 0.4.0 | 53.00 | NOTE | |||
r-release-windows-x86_64 | 0.4.0 | 6.00 | 70.00 | 76.00 | NOTE | |
r-oldrel-macos-arm64 | 0.4.0 | 31.00 | NOTE | |||
r-oldrel-macos-x86_64 | 0.4.0 | 41.00 | NOTE | |||
r-oldrel-windows-x86_64 | 0.4.0 | 8.00 | 78.00 | 86.00 | NOTE |
Version: 0.4.0
Check: Rd files
Result: NOTE
checkRd: (-1) db_compact.Rd:41: Lost braces; missing escapes or markup?
41 | database structure will be set to true. See GET /{db}. You can also obtain a list of
| ^
Flavors: r-devel-linux-x86_64-debian-clang, r-devel-linux-x86_64-debian-gcc, r-devel-linux-x86_64-fedora-clang, r-devel-linux-x86_64-fedora-gcc, r-devel-windows-x86_64, r-patched-linux-x86_64, r-release-linux-x86_64, r-release-macos-arm64, r-release-macos-x86_64, r-release-windows-x86_64, r-oldrel-macos-arm64, r-oldrel-macos-x86_64, r-oldrel-windows-x86_64
Version: 0.4.0
Check: HTML version of manual
Result: NOTE
Found the following HTML validation problems:
Cushion.html:168:1 (Cushion.Rd:161): Warning: <h5> anchor "Usage" already defined
Cushion.html:174:1 (Cushion.Rd:165): Warning: <h5> anchor "Arguments" already defined
Cushion.html:199:1 (Cushion.Rd:180): Warning: <h5> anchor "Usage" already defined
Cushion.html:205:1 (Cushion.Rd:184): Warning: <h5> anchor "Arguments" already defined
Cushion.html:231:1 (Cushion.Rd:200): Warning: <h5> anchor "Usage" already defined
Cushion.html:248:1 (Cushion.Rd:211): Warning: <h5> anchor "Usage" already defined
Cushion.html:264:1 (Cushion.Rd:221): Warning: <h5> anchor "Usage" already defined
Cushion.html:280:1 (Cushion.Rd:231): Warning: <h5> anchor "Usage" already defined
Cushion.html:296:1 (Cushion.Rd:241): Warning: <h5> anchor "Usage" already defined
Cushion.html:302:1 (Cushion.Rd:245): Warning: <h5> anchor "Arguments" already defined
attach_get-defunct.html:46:1 (attach_get-defunct.Rd:10): Warning: missing </ul> before </div>
Flavor: r-devel-linux-x86_64-debian-gcc