Last updated on 2025-10-22 09:50:52 CEST.
Flavor | Version | Tinstall | Tcheck | Ttotal | Status | Flags |
---|---|---|---|---|---|---|
r-devel-linux-x86_64-debian-clang | 1.2.0 | 8.42 | 72.58 | 81.00 | NOTE | |
r-devel-linux-x86_64-debian-gcc | 1.2.0 | 6.05 | 51.53 | 57.58 | NOTE | |
r-devel-linux-x86_64-fedora-clang | 1.2.0 | 40.00 | 85.06 | 125.06 | NOTE | |
r-devel-linux-x86_64-fedora-gcc | 1.2.0 | 18.00 | 109.10 | 127.10 | NOTE | |
r-devel-windows-x86_64 | 1.2.0 | 11.00 | 126.00 | 137.00 | NOTE | |
r-patched-linux-x86_64 | 1.2.0 | 8.88 | 66.08 | 74.96 | NOTE | |
r-release-linux-x86_64 | 1.2.0 | 7.32 | 66.40 | 73.72 | NOTE | |
r-release-macos-arm64 | 1.2.0 | 5.00 | 49.00 | 54.00 | NOTE | |
r-release-macos-x86_64 | 1.2.0 | 6.00 | 63.00 | 69.00 | NOTE | |
r-release-windows-x86_64 | 1.2.0 | 12.00 | 127.00 | 139.00 | NOTE | |
r-oldrel-macos-arm64 | 1.2.0 | 4.00 | 42.00 | 46.00 | NOTE | |
r-oldrel-macos-x86_64 | 1.2.0 | 5.00 | 59.00 | 64.00 | NOTE | |
r-oldrel-windows-x86_64 | 1.2.0 | 14.00 | 140.00 | 154.00 | NOTE |
Version: 1.2.0
Check: Rd files
Result: NOTE
checkRd: (-1) solr_mlt.Rd:70: Lost braces; missing escapes or markup?
70 | TermVector DEFAULT_FIELD_NAMES = new String[] {"contents"}
| ^
Flavors: r-devel-linux-x86_64-debian-clang, r-devel-linux-x86_64-debian-gcc, r-devel-linux-x86_64-fedora-clang, r-devel-linux-x86_64-fedora-gcc, r-devel-windows-x86_64, r-patched-linux-x86_64, r-release-linux-x86_64, r-release-macos-arm64, r-release-macos-x86_64, r-release-windows-x86_64, r-oldrel-macos-arm64, r-oldrel-macos-x86_64, r-oldrel-windows-x86_64
Version: 1.2.0
Check: HTML version of manual
Result: NOTE
Found the following HTML validation problems:
collection_requeststatus.html:65:1 (collection_requeststatus.Rd:22): Warning: missing </ul> before </div>
is-sr.html:54:1 (is-sr.Rd:16): Warning: missing </ul> before </div>
makemultiargs.html:48:1 (makemultiargs.Rd:11): Warning: missing </ul> before </div>
Flavors: r-devel-linux-x86_64-debian-clang, r-devel-linux-x86_64-debian-gcc