CRAN Package Check Results for Package sonicLength

Last updated on 2025-10-22 09:50:52 CEST.

Flavor Version Tinstall Tcheck Ttotal Status Flags
r-devel-linux-x86_64-debian-clang 1.4.7 2.29 32.14 34.43 NOTE
r-devel-linux-x86_64-debian-gcc 1.4.7 1.66 25.99 27.65 NOTE
r-devel-linux-x86_64-fedora-clang 1.4.7 11.00 43.04 54.04 OK
r-devel-linux-x86_64-fedora-gcc 1.4.7 65.00 OK
r-devel-windows-x86_64 1.4.7 3.00 62.00 65.00 OK
r-patched-linux-x86_64 1.4.7 2.34 30.89 33.23 OK
r-release-linux-x86_64 1.4.7 2.26 30.51 32.77 OK
r-release-macos-arm64 1.4.7 2.00 32.00 34.00 OK
r-release-macos-x86_64 1.4.7 2.00 47.00 49.00 OK
r-release-windows-x86_64 1.4.7 4.00 73.00 77.00 OK
r-oldrel-macos-arm64 1.4.7 1.00 24.00 25.00 OK
r-oldrel-macos-x86_64 1.4.7 2.00 35.00 37.00 OK
r-oldrel-windows-x86_64 1.4.7 3.00 64.00 67.00 OK

Check Details

Version: 1.4.7
Check: CRAN incoming feasibility
Result: NOTE Maintainer: ‘Charles Berry <ccberry@ucsd.edu>’ No Authors@R field in DESCRIPTION. Please add one, modifying Authors@R: person(given = "Charles", family = "Berry", role = c("aut", "cre"), email = "ccberry@ucsd.edu") as necessary. Flavors: r-devel-linux-x86_64-debian-clang, r-devel-linux-x86_64-debian-gcc