CRAN Package Check Results for Package sparklyr

Last updated on 2025-10-21 09:48:48 CEST.

Flavor Version Tinstall Tcheck Ttotal Status Flags
r-devel-linux-x86_64-debian-clang 1.9.2 31.24 178.77 210.01 OK
r-devel-linux-x86_64-debian-gcc 1.9.2 19.16 111.35 130.51 NOTE
r-devel-linux-x86_64-fedora-clang 1.9.2 329.17 OK
r-devel-linux-x86_64-fedora-gcc 1.9.2 292.11 OK
r-devel-windows-x86_64 1.9.2 32.00 204.00 236.00 OK
r-patched-linux-x86_64 1.9.2 36.80 161.62 198.42 OK
r-release-linux-x86_64 1.9.2 27.57 163.68 191.25 OK
r-release-macos-arm64 1.9.2 74.00 OK
r-release-macos-x86_64 1.9.2 169.00 OK
r-release-windows-x86_64 1.9.2 33.00 205.00 238.00 OK
r-oldrel-macos-arm64 1.9.2 79.00 NOTE
r-oldrel-macos-x86_64 1.9.2 160.00 NOTE
r-oldrel-windows-x86_64 1.9.2 43.00 256.00 299.00 OK

Check Details

Version: 1.9.2
Check: HTML version of manual
Result: NOTE Found the following HTML validation problems: checkpoint_directory.html:52:1 (checkpoint_directory.Rd:16): Warning: missing </ul> before </div> compile_package_jars.html:56:1 (compile_package_jars.Rd:16): Warning: missing </ul> before </div> connection_is_open.html:46:1 (connection_is_open.Rd:10): Warning: missing </ul> before </div> ensure.html:56:1 (ensure.Rd:15): Warning: missing </ul> before </div> find_scalac.html:58:1 (find_scalac.Rd:18): Warning: missing </ul> before </div> ft_lsh_utils.html:89:1 (ft_lsh_utils.Rd:41): Warning: missing </ul> before </div> generic_call_interface.html:58:1 (generic_call_interface.Rd:17): Warning: missing </ul> before </div> hive_context_config.html:46:1 (hive_context_config.Rd:10): Warning: missing </ul> before </div> hof_exists.html:65:1 (hof_exists.Rd:18): Warning: missing </ul> before </div> invoke_method.html:64:1 (invoke_method.Rd:20): Warning: missing </ul> before </div> j_invoke.html:67:1 (j_invoke.Rd:24): Warning: missing </ul> before </div> j_invoke_method.html:65:1 (j_invoke_method.Rd:20): Warning: missing </ul> before </div> jobj_class.html:50:1 (jobj_class.Rd:12): Warning: missing </ul> before </div> jobj_set_param.html:64:1 (jobj_set_param.Rd:20): Warning: missing </ul> before </div> join.tbl_spark.html:162:1 (join.tbl_spark.Rd:111): Warning: missing </ul> before </div> livy_service.html:69:1 (livy_service.Rd:26): Warning: missing </ul> before </div> ml-constructors.html:70:1 (ml-constructors.Rd:39): Warning: missing </ul> before </div> ml-model-constructors.html:138:1 (ml-model-constructors.Rd:96): Warning: missing </ul> before </div> ml-params.html:68:1 (ml-params.Rd:28): Warning: missing </ul> before </div> ml_add_stage.html:50:1 (ml_add_stage.Rd:12): Warning: missing </ul> before </div> ml_als_tidiers.html:61:1 (ml_als_tidiers.Rd:21): Warning: missing </ul> before </div> ml_call_constructor.html:48:1 (ml_call_constructor.Rd:10): Warning: missing </ul> before </div> ml_fpgrowth.html:90:1 (ml_fpgrowth.Rd:42): Warning: missing </ul> before </div> ml_isotonic_regression_tidiers.html:61:1 (ml_isotonic_regression_tidiers.Rd:21): Warning: missing </ul> before </div> ml_kmeans_cluster_eval.html:44:1 (ml_kmeans_cluster_eval.Rd:9): Warning: missing </ul> before </div> ml_lda_tidiers.html:61:1 (ml_lda_tidiers.Rd:21): Warning: missing </ul> before </div> ml_linear_svc_tidiers.html:61:1 (ml_linear_svc_tidiers.Rd:21): Warning: missing </ul> before </div> ml_logistic_regression_tidiers.html:68:1 (ml_logistic_regression_tidiers.Rd:26): Warning: missing </ul> before </div> ml_multilayer_perceptron_tidiers.html:61:1 (ml_multilayer_perceptron_tidiers.Rd:21): Warning: missing </ul> before </div> ml_naive_bayes_tidiers.html:61:1 (ml_naive_bayes_tidiers.Rd:21): Warning: missing </ul> before </div> ml_pca_tidiers.html:61:1 (ml_pca_tidiers.Rd:21): Warning: missing </ul> before </div> ml_standardize_formula.html:54:1 (ml_standardize_formula.Rd:14): Warning: missing </ul> before </div> ml_summary.html:54:1 (ml_summary.Rd:14): Warning: missing </ul> before </div> ml_survival_regression_tidiers.html:61:1 (ml_survival_regression_tidiers.Rd:21): Warning: missing </ul> before </div> ml_tree_tidiers.html:128:1 (ml_tree_tidiers.Rd:86): Warning: missing </ul> before </div> ml_uid.html:46:1 (ml_uid.Rd:10): Warning: missing </ul> before </div> ml_unsupervised_tidiers.html:79:1 (ml_unsupervised_tidiers.Rd:39): Warning: missing </ul> before </div> na.replace.html:51:1 (na.replace.Rd:12): Warning: missing </ul> before </div> print_jobj.html:50:1 (print_jobj.Rd:12): Warning: missing </ul> before </div> random_string.html:46:1 (random_string.Rd:10): Warning: missing </ul> before </div> reactiveSpark.html:58:1 (reactiveSpark.Rd:17): Warning: missing </ul> before </div> sdf-saveload.html:72:1 (sdf-saveload.Rd:30): Warning: missing </ul> before </div> sdf_along.html:59:1 (sdf_along.Rd:17): Warning: missing </ul> before </div> sdf_broadcast.html:46:1 (sdf_broadcast.Rd:10): Warning: missing </ul> before </div> sdf_checkpoint.html:50:1 (sdf_checkpoint.Rd:12): Warning: missing </ul> before </div> sdf_coalesce.html:50:1 (sdf_coalesce.Rd:12): Warning: missing </ul> before </div> sdf_collect.html:62:1 (sdf_collect.Rd:22): Warning: missing </ul> before </div> sdf_debug_string.html:51:1 (sdf_debug_string.Rd:12): Warning: missing </ul> before </div> sdf_describe.html:50:1 (sdf_describe.Rd:12): Warning: missing </ul> before </div> sdf_dim.html:51:1 (sdf_dim.Rd:16): Warning: missing </ul> before </div> sdf_drop_duplicates.html:50:1 (sdf_drop_duplicates.Rd:12): Warning: missing </ul> before </div> sdf_fast_bind_cols.html:50:1 (sdf_fast_bind_cols.Rd:10): Warning: missing </ul> before </div> sdf_from_avro.html:55:1 (sdf_from_avro.Rd:17): Warning: missing </ul> before </div> sdf_is_streaming.html:46:1 (sdf_is_streaming.Rd:10): Warning: missing </ul> before </div> sdf_last_index.html:52:1 (sdf_last_index.Rd:12): Warning: missing </ul> before </div> sdf_len.html:59:1 (sdf_len.Rd:17): Warning: missing </ul> before </div> sdf_num_partitions.html:46:1 (sdf_num_partitions.Rd:10): Warning: missing </ul> before </div> sdf_project.html:68:1 (sdf_project.Rd:24): Warning: missing </ul> before </div> sdf_quantile.html:79:1 (sdf_quantile.Rd:34): Warning: missing </ul> before </div> sdf_repartition.html:54:1 (sdf_repartition.Rd:14): Warning: missing </ul> before </div> sdf_residuals.html:65:1 (sdf_residuals.Rd:25): Warning: missing </ul> before </div> sdf_separate_column.html:60:1 (sdf_separate_column.Rd:18): Warning: missing </ul> before </div> sdf_seq.html:70:1 (sdf_seq.Rd:26): Warning: missing </ul> before </div> sdf_sql.html:51:1 (sdf_sql.Rd:12): Warning: missing </ul> before </div> sdf_to_avro.html:50:1 (sdf_to_avro.Rd:12): Warning: missing </ul> before </div> sdf_with_sequential_id.html:57:1 (sdf_with_sequential_id.Rd:14): Warning: missing </ul> before </div> sdf_with_unique_id.html:55:1 (sdf_with_unique_id.Rd:12): Warning: missing </ul> before </div> spark_apply_bundle.html:54:1 (spark_apply_bundle.Rd:14): Warning: missing </ul> before </div> spark_apply_log.html:51:1 (spark_apply_log.Rd:13): Warning: missing </ul> before </div> spark_compile.html:81:1 (spark_compile.Rd:34): Warning: missing </ul> before </div> spark_config_exists.html:54:1 (spark_config_exists.Rd:14): Warning: missing </ul> before </div> spark_config_kubernetes.html:120:1 (spark_config_kubernetes.Rd:58): Warning: missing </ul> before </div> spark_config_packages.html:62:1 (spark_config_packages.Rd:18): Warning: missing </ul> before </div> spark_config_value.html:54:1 (spark_config_value.Rd:14): Warning: missing </ul> before </div> spark_connect_method.html:117:1 (spark_connect_method.Rd:61): Warning: missing </ul> before </div> spark_connection.html:50:1 (spark_connection.Rd:12): Warning: missing </ul> before </div> spark_connection_find.html:55:1 (spark_connection_find.Rd:14): Warning: missing </ul> before </div> spark_context_config.html:46:1 (spark_context_config.Rd:10): Warning: missing </ul> before </div> spark_default_compilation_spec.html:56:1 (spark_default_compilation_spec.Rd:17): Warning: missing </ul> before </div> spark_extension.html:46:1 (spark_extension.Rd:10): Warning: missing </ul> before </div> spark_get_java.html:46:1 (spark_get_java.Rd:10): Warning: missing </ul> before </div> spark_install_find.html:68:1 (spark_install_find.Rd:24): Warning: missing </ul> before </div> spark_install_sync.html:46:1 (spark_install_sync.Rd:10): Warning: missing </ul> before </div> spark_log.html:61:1 (spark_log.Rd:17): Warning: missing </ul> before </div> spark_pipeline_stage.html:115:1 (spark_pipeline_stage.Rd:53): Warning: missing </ul> before </div> spark_statistical_routines.html:58:1 (spark_statistical_routines.Rd:16): Warning: missing </ul> before </div> spark_table_name.html:47:1 (spark_table_name.Rd:10): Warning: missing </ul> before </div> spark_version_from_home.html:52:1 (spark_version_from_home.Rd:14): Warning: missing </ul> before </div> spark_versions.html:46:1 (spark_versions.Rd:10): Warning: missing </ul> before </div> spark_web.html:50:1 (spark_web.Rd:12): Warning: missing </ul> before </div> src_databases.html:55:1 (src_databases.Rd:15): Warning: missing </ul> before </div> stream_id.html:46:1 (stream_id.Rd:10): Warning: missing </ul> before </div> stream_name.html:46:1 (stream_name.Rd:10): Warning: missing </ul> before </div> stream_stop.html:46:1 (stream_stop.Rd:10): Warning: missing </ul> before </div> stream_watermark.html:57:1 (stream_watermark.Rd:16): Warning: missing </ul> before </div> sub-.tbl_spark.html:54:1 (sub-.tbl_spark.Rd:14): Warning: missing </ul> before </div> tbl_cache.html:58:1 (tbl_cache.Rd:15): Warning: missing </ul> before </div> tbl_change_db.html:50:1 (tbl_change_db.Rd:12): Warning: missing </ul> before </div> tbl_uncache.html:50:1 (tbl_uncache.Rd:12): Warning: missing </ul> before </div> transform_sdf.html:56:1 (transform_sdf.Rd:16): Warning: missing </ul> before </div> worker_spark_apply_unbundle.html:50:1 (worker_spark_apply_unbundle.Rd:12): Warning: missing </ul> before </div> Flavor: r-devel-linux-x86_64-debian-gcc

Version: 1.9.2
Check: installed package size
Result: NOTE installed size is 5.2Mb sub-directories of 1Mb or more: R 2.1Mb java 1.9Mb Flavors: r-oldrel-macos-arm64, r-oldrel-macos-x86_64