Last updated on 2025-07-03 09:50:54 CEST.
Flavor | Version | Tinstall | Tcheck | Ttotal | Status | Flags |
---|---|---|---|---|---|---|
r-devel-linux-x86_64-debian-clang | 3.1-0 | 9.21 | 91.62 | 100.83 | OK | |
r-devel-linux-x86_64-debian-gcc | 3.1-0 | 8.33 | 77.41 | 85.74 | OK | |
r-devel-linux-x86_64-fedora-clang | 3.1-0 | 152.24 | OK | |||
r-devel-linux-x86_64-fedora-gcc | 3.1-0 | 148.22 | OK | |||
r-devel-windows-x86_64 | 3.1-0 | 9.00 | 98.00 | 107.00 | OK | |
r-patched-linux-x86_64 | 3.1-0 | 8.08 | 83.41 | 91.49 | OK | |
r-release-linux-x86_64 | 3.1-0 | 8.21 | 82.97 | 91.18 | OK | |
r-release-macos-arm64 | 3.1-0 | 57.00 | OK | |||
r-release-macos-x86_64 | 3.1-0 | 104.00 | OK | |||
r-release-windows-x86_64 | 3.1-0 | 10.00 | 91.00 | 101.00 | OK | |
r-oldrel-macos-arm64 | 3.1-0 | 59.00 | NOTE | |||
r-oldrel-macos-x86_64 | 3.1-0 | 93.00 | NOTE | |||
r-oldrel-windows-x86_64 | 3.1-0 | 13.00 | 111.00 | 124.00 | NOTE |
Version: 3.1-0
Check: package dependencies
Result: NOTE
Depends: includes the non-default packages:
'spatstat.data', 'spatstat.univar', 'spatstat.geom',
'spatstat.random', 'spatstat.explore', 'spatstat.model',
'spatstat.linnet', 'spatstat', 'rpanel', 'tcltk'
Adding so many packages to the search path is excessive and importing
selectively is preferable.
Flavors: r-oldrel-macos-arm64, r-oldrel-macos-x86_64, r-oldrel-windows-x86_64