Last updated on 2025-10-21 09:48:48 CEST.
Flavor | Version | Tinstall | Tcheck | Ttotal | Status | Flags |
---|---|---|---|---|---|---|
r-devel-linux-x86_64-debian-clang | 2.0-1 | 54.15 | 437.33 | 491.48 | NOTE | |
r-devel-linux-x86_64-debian-gcc | 2.0-1 | 31.16 | 275.53 | 306.69 | NOTE | |
r-devel-linux-x86_64-fedora-clang | 2.0-1 | 805.95 | OK | |||
r-devel-linux-x86_64-fedora-gcc | 2.0-1 | 728.71 | OK | |||
r-devel-windows-x86_64 | 2.0-1 | 47.00 | 341.00 | 388.00 | OK | |
r-patched-linux-x86_64 | 2.0-1 | 50.01 | 415.04 | 465.05 | OK | |
r-release-linux-x86_64 | 2.0-1 | 49.56 | 410.67 | 460.23 | OK | |
r-release-macos-arm64 | 2.0-1 | 249.00 | OK | |||
r-release-macos-x86_64 | 2.0-1 | 410.00 | OK | |||
r-release-windows-x86_64 | 2.0-1 | 47.00 | 341.00 | 388.00 | OK | |
r-oldrel-macos-arm64 | 2.0-1 | 155.00 | OK | |||
r-oldrel-macos-x86_64 | 2.0-1 | 254.00 | OK | |||
r-oldrel-windows-x86_64 | 2.0-1 | 63.00 | 483.00 | 546.00 | OK |
Version: 2.0-1
Check: CRAN incoming feasibility
Result: NOTE
Maintainer: ‘Benjamin M. Taylor <benjamin.taylor.software@gmail.com>’
No Authors@R field in DESCRIPTION.
Please add one, modifying
Authors@R: c(person(given = c("Benjamin", "M."),
family = "Taylor",
role = c("aut", "cre"),
email = "benjamin.taylor.software@gmail.com"),
person(given = c("Barry", "S.", "Rowlingson", "Additional", "contributions", "Ziyu"),
family = "Zheng",
role = "aut"))
as necessary.
Flavors: r-devel-linux-x86_64-debian-clang, r-devel-linux-x86_64-debian-gcc
Version: 2.0-1
Check: HTML version of manual
Result: NOTE
Found the following HTML validation problems:
hasNext.html:46:1 (hasNext.Rd:10): Warning: missing </ul> before </div>
hasNext.iter.html:48:1 (hasNext.iter.Rd:10): Warning: missing </ul> before </div>
loop.mcmc.html:50:1 (loop.mcmc.Rd:12): Warning: missing </ul> before </div>
mcmcLoop.html:62:1 (mcmcLoop.Rd:18): Warning: missing </ul> before </div>
nextStep.html:46:1 (nextStep.Rd:10): Warning: missing </ul> before </div>
print.mcmc.html:52:1 (print.mcmc.Rd:12): Warning: missing </ul> before </div>
resetLoop.html:46:1 (resetLoop.Rd:10): Warning: missing </ul> before </div>
setTxtProgressBar2.html:58:1 (setTxtProgressBar2.Rd:16): Warning: missing </ul> before </div>
summary.mcmc.html:53:1 (summary.mcmc.Rd:12): Warning: missing </ul> before </div>
txtProgressBar2.html:84:1 (txtProgressBar2.Rd:33): Warning: missing </ul> before </div>
Flavor: r-devel-linux-x86_64-debian-gcc