Last updated on 2025-10-22 09:50:53 CEST.
Flavor | Version | Tinstall | Tcheck | Ttotal | Status | Flags |
---|---|---|---|---|---|---|
r-devel-linux-x86_64-debian-clang | 0.1.3 | 15.78 | 119.69 | 135.47 | NOTE | |
r-devel-linux-x86_64-debian-gcc | 0.1.3 | 12.05 | 84.55 | 96.60 | NOTE | |
r-devel-linux-x86_64-fedora-clang | 0.1.3 | 47.00 | 156.70 | 203.70 | OK | |
r-devel-linux-x86_64-fedora-gcc | 0.1.3 | 34.00 | 168.84 | 202.84 | OK | |
r-devel-windows-x86_64 | 0.1.3 | 16.00 | 137.00 | 153.00 | OK | |
r-patched-linux-x86_64 | 0.1.3 | 13.92 | 110.96 | 124.88 | OK | |
r-release-linux-x86_64 | 0.1.3 | 13.54 | 110.64 | 124.18 | OK | |
r-release-macos-arm64 | 0.1.3 | 6.00 | 46.00 | 52.00 | OK | |
r-release-macos-x86_64 | 0.1.3 | 12.00 | 91.00 | 103.00 | OK | |
r-release-windows-x86_64 | 0.1.3 | 17.00 | 115.00 | 132.00 | OK | |
r-oldrel-macos-arm64 | 0.1.3 | 6.00 | 46.00 | 52.00 | OK | |
r-oldrel-macos-x86_64 | 0.1.3 | 9.00 | 69.00 | 78.00 | OK | |
r-oldrel-windows-x86_64 | 0.1.3 | 21.00 | 146.00 | 167.00 | OK |
Version: 0.1.3
Check: top-level files
Result: NOTE
Found the following validation problem for the NEWS.Rd HTML conversion:
NEWS.html:84:1 (inst/NEWS.Rd:31): Warning: missing </ul> before </div>
NEWS.html:40:1 (inst/NEWS.Rd:14): Warning: <h4> anchor "NEW-FEATURES" already defined
NEWS.html:58:1 (inst/NEWS.Rd:23): Warning: <h4> anchor "NEW-FEATURES" already defined
Flavors: r-devel-linux-x86_64-debian-clang, r-devel-linux-x86_64-debian-gcc