Last updated on 2025-10-21 09:48:48 CEST.
Flavor | Version | Tinstall | Tcheck | Ttotal | Status | Flags |
---|---|---|---|---|---|---|
r-devel-linux-x86_64-debian-clang | 0.2.2.1 | 4.45 | 28.92 | 33.37 | OK | |
r-devel-linux-x86_64-debian-gcc | 0.2.2.1 | 3.32 | 23.89 | 27.21 | NOTE | |
r-devel-linux-x86_64-fedora-clang | 0.2.2.1 | 49.76 | OK | |||
r-devel-linux-x86_64-fedora-gcc | 0.2.2.1 | 45.28 | OK | |||
r-devel-windows-x86_64 | 0.2.2.1 | 6.00 | 49.00 | 55.00 | OK | |
r-patched-linux-x86_64 | 0.2.2.1 | 4.87 | 27.05 | 31.92 | OK | |
r-release-linux-x86_64 | 0.2.2.1 | 3.27 | 27.03 | 30.30 | OK | |
r-release-macos-arm64 | 0.2.2.1 | 28.00 | OK | |||
r-release-macos-x86_64 | 0.2.2.1 | 73.00 | OK | |||
r-release-windows-x86_64 | 0.2.2.1 | 5.00 | 50.00 | 55.00 | OK | |
r-oldrel-macos-arm64 | 0.2.2.1 | 29.00 | OK | |||
r-oldrel-macos-x86_64 | 0.2.2.1 | 63.00 | OK | |||
r-oldrel-windows-x86_64 | 0.2.2.1 | 7.00 | 56.00 | 63.00 | OK |
Version: 0.2.2.1
Check: HTML version of manual
Result: NOTE
Found the following HTML validation problems:
historyStack.html:137:1 (historyStack.Rd:98): Warning: <h5> anchor "Usage" already defined
historyStack.html:153:1 (historyStack.Rd:108): Warning: <h5> anchor "Usage" already defined
historyStack.html:159:1 (historyStack.Rd:112): Warning: <h5> anchor "Arguments" already defined
historyStack.html:183:1 (historyStack.Rd:126): Warning: <h5> anchor "Usage" already defined
historyStack.html:199:1 (historyStack.Rd:136): Warning: <h5> anchor "Usage" already defined
historyStack.html:226:1 (historyStack.Rd:153): Warning: <h5> anchor "Usage" already defined
historyStack.html:243:1 (historyStack.Rd:164): Warning: <h5> anchor "Usage" already defined
historyStack.html:259:1 (historyStack.Rd:174): Warning: <h5> anchor "Usage" already defined
historyStack.html:265:1 (historyStack.Rd:178): Warning: <h5> anchor "Arguments" already defined
historyStack.html:300:1 (historyStack.Rd:200): Warning: <h5> anchor "Usage" already defined
historyStack.html:306:1 (historyStack.Rd:204): Warning: <h5> anchor "Arguments" already defined
simepleStack.html:108:1 (simepleStack.Rd:77): Warning: <h5> anchor "Usage" already defined
simepleStack.html:124:1 (simepleStack.Rd:87): Warning: <h5> anchor "Usage" already defined
simepleStack.html:140:1 (simepleStack.Rd:97): Warning: <h5> anchor "Usage" already defined
simepleStack.html:156:1 (simepleStack.Rd:107): Warning: <h5> anchor "Usage" already defined
simepleStack.html:162:1 (simepleStack.Rd:111): Warning: <h5> anchor "Arguments" already defined
simepleStack.html:188:1 (simepleStack.Rd:127): Warning: <h5> anchor "Usage" already defined
simepleStack.html:194:1 (simepleStack.Rd:131): Warning: <h5> anchor "Arguments" already defined
simepleStack.html:220:1 (simepleStack.Rd:147): Warning: <h5> anchor "Usage" already defined
simepleStack.html:226:1 (simepleStack.Rd:151): Warning: <h5> anchor "Arguments" already defined
Flavor: r-devel-linux-x86_64-debian-gcc