Last updated on 2025-10-22 09:50:53 CEST.
Flavor | Version | Tinstall | Tcheck | Ttotal | Status | Flags |
---|---|---|---|---|---|---|
r-devel-linux-x86_64-debian-clang | 1.0.2.6 | 18.45 | 185.98 | 204.43 | OK | |
r-devel-linux-x86_64-debian-gcc | 1.0.2.6 | 13.37 | 130.31 | 143.68 | OK | |
r-devel-linux-x86_64-fedora-clang | 1.0.2.6 | 59.00 | 255.24 | 314.24 | OK | |
r-devel-linux-x86_64-fedora-gcc | 1.0.2.6 | 45.00 | 282.78 | 327.78 | OK | |
r-devel-windows-x86_64 | 1.0.2.6 | 23.00 | 159.00 | 182.00 | OK | |
r-patched-linux-x86_64 | 1.0.2.6 | 19.55 | 176.38 | 195.93 | OK | |
r-release-linux-x86_64 | 1.0.2.6 | 17.84 | 179.30 | 197.14 | OK | |
r-release-macos-arm64 | 1.0.2.6 | 9.00 | 70.00 | 79.00 | OK | |
r-release-macos-x86_64 | 1.0.2.6 | 20.00 | 149.00 | 169.00 | OK | |
r-release-windows-x86_64 | 1.0.2.6 | 26.00 | 159.00 | 185.00 | OK | |
r-oldrel-macos-arm64 | 1.0.2.6 | 9.00 | 72.00 | 81.00 | NOTE | |
r-oldrel-macos-x86_64 | 1.0.2.6 | 20.00 | 150.00 | 170.00 | NOTE | |
r-oldrel-windows-x86_64 | 1.0.2.6 | 29.00 | 208.00 | 237.00 | NOTE |
Version: 1.0.2.6
Check: installed package size
Result: NOTE
installed size is 6.9Mb
sub-directories of 1Mb or more:
doc 5.5Mb
Flavors: r-oldrel-macos-arm64, r-oldrel-macos-x86_64, r-oldrel-windows-x86_64