Last updated on 2025-10-21 09:48:48 CEST.
Flavor | Version | Tinstall | Tcheck | Ttotal | Status | Flags |
---|---|---|---|---|---|---|
r-devel-linux-x86_64-debian-clang | 1.0.6 | 19.41 | 333.76 | 353.17 | OK | |
r-devel-linux-x86_64-debian-gcc | 1.0.6 | 14.57 | 223.28 | 237.85 | NOTE | |
r-devel-linux-x86_64-fedora-clang | 1.0.6 | 572.55 | NOTE | |||
r-devel-linux-x86_64-fedora-gcc | 1.0.6 | 533.38 | NOTE | |||
r-devel-windows-x86_64 | 1.0.6 | 21.00 | 294.00 | 315.00 | OK | |
r-patched-linux-x86_64 | 1.0.6 | 19.92 | 325.02 | 344.94 | OK | |
r-release-linux-x86_64 | 1.0.6 | 19.72 | 324.41 | 344.13 | OK | |
r-release-macos-arm64 | 1.0.6 | 144.00 | OK | |||
r-release-macos-x86_64 | 1.0.6 | 335.00 | OK | |||
r-release-windows-x86_64 | 1.0.6 | 21.00 | 294.00 | 315.00 | OK | |
r-oldrel-macos-arm64 | 1.0.6 | 121.00 | OK | |||
r-oldrel-macos-x86_64 | 1.0.6 | 207.00 | OK | |||
r-oldrel-windows-x86_64 | 1.0.6 | 29.00 | 416.00 | 445.00 | OK |
Version: 1.0.6
Check: HTML version of manual
Result: NOTE
Found the following HTML validation problems:
boot_model.html:52:1 (boot_model.Rd:13): Warning: missing </ul> before </div>
model_enet.html:48:1 (model_enet.Rd:11): Warning: missing </ul> before </div>
model_lasso.html:48:1 (model_lasso.Rd:11): Warning: missing </ul> before </div>
model_mbic.html:48:1 (model_mbic.Rd:11): Warning: missing </ul> before </div>
model_mcp.html:48:1 (model_mcp.Rd:11): Warning: missing </ul> before </div>
permute.html:56:1 (permute.Rd:15): Warning: missing </ul> before </div>
rep_selector_boot.html:50:1 (rep_selector_boot.Rd:12): Warning: missing </ul> before </div>
rep_selector_perm.html:50:1 (rep_selector_perm.Rd:12): Warning: missing </ul> before </div>
stabiliser_prep.html:48:1 (stabiliser_prep.Rd:11): Warning: missing </ul> before </div>
Flavor: r-devel-linux-x86_64-debian-gcc
Version: 1.0.6
Check: dependencies in R code
Result: NOTE
Namespace in Imports field not imported from: ‘knitr’
All declared Imports should be used.
Flavors: r-devel-linux-x86_64-fedora-clang, r-devel-linux-x86_64-fedora-gcc