Last updated on 2025-10-21 09:48:48 CEST.
Flavor | Version | Tinstall | Tcheck | Ttotal | Status | Flags |
---|---|---|---|---|---|---|
r-devel-linux-x86_64-debian-clang | 0.6.0.1 | 6.33 | 49.92 | 56.25 | OK | |
r-devel-linux-x86_64-debian-gcc | 0.6.0.1 | 4.30 | 37.70 | 42.00 | NOTE | |
r-devel-linux-x86_64-fedora-clang | 0.6.0.1 | 81.99 | OK | |||
r-devel-linux-x86_64-fedora-gcc | 0.6.0.1 | 76.62 | OK | |||
r-devel-windows-x86_64 | 0.6.0.1 | 7.00 | 67.00 | 74.00 | OK | |
r-patched-linux-x86_64 | 0.6.0.1 | 6.54 | 46.69 | 53.23 | OK | |
r-release-linux-x86_64 | 0.6.0.1 | 6.41 | 46.68 | 53.09 | OK | |
r-release-macos-arm64 | 0.6.0.1 | 30.00 | OK | |||
r-release-macos-x86_64 | 0.6.0.1 | 50.00 | OK | |||
r-release-windows-x86_64 | 0.6.0.1 | 9.00 | 69.00 | 78.00 | OK | |
r-oldrel-macos-arm64 | 0.6.0.1 | 26.00 | OK | |||
r-oldrel-macos-x86_64 | 0.6.0.1 | 41.00 | OK | |||
r-oldrel-windows-x86_64 | 0.6.0.1 | 10.00 | 82.00 | 92.00 | OK |
Version: 0.6.0.1
Check: HTML version of manual
Result: NOTE
Found the following HTML validation problems:
connect.html:50:1 (connect.Rd:13): Warning: missing </ul> before </div>
getquery.html:50:1 (getquery.Rd:12): Warning: missing </ul> before </div>
query.html:50:1 (query.Rd:13): Warning: missing </ul> before </div>
validity_DB.html:46:1 (validity_DB.Rd:10): Warning: missing </ul> before </div>
validity_ODBC.html:46:1 (validity_ODBC.Rd:10): Warning: missing </ul> before </div>
Flavor: r-devel-linux-x86_64-debian-gcc