Last updated on 2025-10-22 09:50:53 CEST.
Flavor | Version | Tinstall | Tcheck | Ttotal | Status | Flags |
---|---|---|---|---|---|---|
r-devel-linux-x86_64-debian-clang | 0.23.0 | 4.21 | 40.77 | 44.98 | NOTE | |
r-devel-linux-x86_64-debian-gcc | 0.23.0 | 2.82 | 31.26 | 34.08 | NOTE | |
r-devel-linux-x86_64-fedora-clang | 0.23.0 | 66.35 | OK | |||
r-devel-linux-x86_64-fedora-gcc | 0.23.0 | 427.02 | OK | |||
r-devel-windows-x86_64 | 0.23.0 | 4.00 | 58.00 | 62.00 | OK | |
r-patched-linux-x86_64 | 0.23.0 | 4.72 | 36.60 | 41.32 | OK | |
r-release-linux-x86_64 | 0.23.0 | 4.33 | 36.85 | 41.18 | OK | |
r-release-macos-arm64 | 0.23.0 | 2.00 | 26.00 | 28.00 | OK | |
r-release-macos-x86_64 | 0.23.0 | 4.00 | 47.00 | 51.00 | OK | |
r-release-windows-x86_64 | 0.23.0 | 4.00 | 60.00 | 64.00 | OK | |
r-oldrel-macos-arm64 | 0.23.0 | 3.00 | 32.00 | 35.00 | OK | |
r-oldrel-macos-x86_64 | 0.23.0 | 9.00 | 91.00 | 100.00 | OK | |
r-oldrel-windows-x86_64 | 0.23.0 | 5.00 | 64.00 | 69.00 | OK |
Version: 0.23.0
Check: HTML version of manual
Result: NOTE
Found the following HTML validation problems:
warn.html:58:1 (warn.Rd:18): Warning: missing </ul> before </div>
Flavors: r-devel-linux-x86_64-debian-clang, r-devel-linux-x86_64-debian-gcc