Last updated on 2025-10-21 09:48:48 CEST.
Flavor | Version | Tinstall | Tcheck | Ttotal | Status | Flags |
---|---|---|---|---|---|---|
r-devel-linux-x86_64-debian-clang | 0.6.9 | 5.70 | 95.38 | 101.08 | OK | |
r-devel-linux-x86_64-debian-gcc | 0.6.9 | 3.81 | 64.22 | 68.03 | NOTE | |
r-devel-linux-x86_64-fedora-clang | 0.6.9 | 151.05 | OK | |||
r-devel-linux-x86_64-fedora-gcc | 0.6.9 | 161.52 | OK | |||
r-devel-windows-x86_64 | 0.6.9 | 8.00 | 105.00 | 113.00 | OK | |
r-patched-linux-x86_64 | 0.6.9 | 5.94 | 87.42 | 93.36 | OK | |
r-release-linux-x86_64 | 0.6.9 | 5.67 | 87.53 | 93.20 | OK | |
r-release-macos-arm64 | 0.6.9 | 47.00 | OK | |||
r-release-macos-x86_64 | 0.6.9 | 90.00 | OK | |||
r-release-windows-x86_64 | 0.6.9 | 8.00 | 103.00 | 111.00 | OK | |
r-oldrel-macos-arm64 | 0.6.9 | 43.00 | OK | |||
r-oldrel-macos-x86_64 | 0.6.9 | 76.00 | OK | |||
r-oldrel-windows-x86_64 | 0.6.9 | 10.00 | 132.00 | 142.00 | OK |
Version: 0.6.9
Check: HTML version of manual
Result: NOTE
Found the following HTML validation problems:
CompScoreTable.html:330:1 (CompScoreTable.Rd:189): Warning: missing </ul> before </div>
CompScoreTable.html:126:1 (CompScoreTable.Rd:67): Warning: <h5> anchor "Usage" already defined
CompScoreTable.html:132:1 (CompScoreTable.Rd:71): Warning: <h5> anchor "Arguments" already defined
CompScoreTable.html:160:1 (CompScoreTable.Rd:89): Warning: <h5> anchor "Usage" already defined
CompScoreTable.html:170:1 (CompScoreTable.Rd:97): Warning: <h5> anchor "Arguments" already defined
CompScoreTable.html:210:1 (CompScoreTable.Rd:120): Warning: <h5> anchor "Usage" already defined
CompScoreTable.html:216:1 (CompScoreTable.Rd:124): Warning: <h5> anchor "Arguments" already defined
CompScoreTable.html:233:1 (CompScoreTable.Rd:135): Warning: <h5> anchor "Returns" already defined
CompScoreTable.html:252:1 (CompScoreTable.Rd:146): Warning: <h5> anchor "Usage" already defined
CompScoreTable.html:258:1 (CompScoreTable.Rd:150): Warning: <h5> anchor "Arguments" already defined
CompScoreTable.html:290:1 (CompScoreTable.Rd:169): Warning: <h5> anchor "Returns" already defined
CompScoreTable.html:307:1 (CompScoreTable.Rd:178): Warning: <h5> anchor "Usage" already defined
CompScoreTable.html:313:1 (CompScoreTable.Rd:182): Warning: <h5> anchor "Arguments" already defined
check_score_between.html:55:1 (check_score_between.Rd:14): Warning: missing </ul> before </div>
handle_retain.html:55:1 (handle_retain.Rd:14): Warning: missing </ul> before </div>
is_stenR_classes.html:81:1 (is_stenR_classes.Rd:44): Warning: missing </ul> before </div>
mockNAtable.html:48:1 (mockNAtable.Rd:10): Warning: missing </ul> before </div>
plot.GroupedFrequencyTable.html:77:1 (plot.GroupedFrequencyTable.Rd:31): Warning: missing </ul> before </div>
plot.GroupedScoreTable.html:82:1 (plot.GroupedScoreTable.Rd:34): Warning: missing </ul> before </div>
qualify_to_groups.html:51:1 (qualify_to_groups.Rd:12): Warning: missing </ul> before </div>
Flavor: r-devel-linux-x86_64-debian-gcc