Last updated on 2025-10-21 09:48:48 CEST.
Flavor | Version | Tinstall | Tcheck | Ttotal | Status | Flags |
---|---|---|---|---|---|---|
r-devel-linux-x86_64-debian-clang | 0.2.2 | 20.63 | 206.14 | 226.77 | OK | |
r-devel-linux-x86_64-debian-gcc | 0.2.2 | 12.46 | 142.07 | 154.53 | NOTE | |
r-devel-linux-x86_64-fedora-clang | 0.2.2 | 352.30 | OK | |||
r-devel-linux-x86_64-fedora-gcc | 0.2.2 | 345.07 | OK | |||
r-devel-windows-x86_64 | 0.2.2 | 19.00 | 179.00 | 198.00 | OK | |
r-patched-linux-x86_64 | 0.2.2 | 20.10 | 199.87 | 219.97 | OK | |
r-release-linux-x86_64 | 0.2.2 | 18.45 | 196.12 | 214.57 | OK | |
r-release-macos-arm64 | 0.2.2 | 116.00 | OK | |||
r-release-macos-x86_64 | 0.2.2 | 109.00 | OK | |||
r-release-windows-x86_64 | 0.2.2 | 22.00 | 188.00 | 210.00 | OK | |
r-oldrel-macos-arm64 | 0.2.2 | 120.00 | OK | |||
r-oldrel-macos-x86_64 | 0.2.2 | 119.00 | OK | |||
r-oldrel-windows-x86_64 | 0.2.2 | 27.00 | 250.00 | 277.00 | OK |
Version: 0.2.2
Check: HTML version of manual
Result: NOTE
Found the following HTML validation problems:
PortOpt.html:177:1 (PortOpt.Rd:131): Warning: <h5> anchor "Usage" already defined
PortOpt.html:183:1 (PortOpt.Rd:135): Warning: <h5> anchor "Arguments" already defined
PortOpt.html:196:1 (PortOpt.Rd:142): Warning: <h5> anchor "Returns" already defined
PortOpt.html:213:1 (PortOpt.Rd:151): Warning: <h5> anchor "Usage" already defined
PortOpt.html:219:1 (PortOpt.Rd:155): Warning: <h5> anchor "Arguments" already defined
PortOpt.html:270:1 (PortOpt.Rd:190): Warning: <h5> anchor "Returns" already defined
PortOpt.html:287:1 (PortOpt.Rd:199): Warning: <h5> anchor "Usage" already defined
PortOpt.html:293:1 (PortOpt.Rd:203): Warning: <h5> anchor "Returns" already defined
PortOpt.html:310:1 (PortOpt.Rd:212): Warning: <h5> anchor "Usage" already defined
PortOpt.html:316:1 (PortOpt.Rd:216): Warning: <h5> anchor "Returns" already defined
PortOpt.html:337:1 (PortOpt.Rd:229): Warning: <h5> anchor "Usage" already defined
PortOpt.html:343:1 (PortOpt.Rd:233): Warning: <h5> anchor "Returns" already defined
PortOpt.html:360:1 (PortOpt.Rd:242): Warning: <h5> anchor "Usage" already defined
PortOpt.html:366:1 (PortOpt.Rd:246): Warning: <h5> anchor "Returns" already defined
PortOpt.html:386:1 (PortOpt.Rd:258): Warning: <h5> anchor "Usage" already defined
PortOpt.html:392:1 (PortOpt.Rd:262): Warning: <h5> anchor "Returns" already defined
PortOpt.html:415:1 (PortOpt.Rd:277): Warning: <h5> anchor "Usage" already defined
PortOpt.html:421:1 (PortOpt.Rd:281): Warning: <h5> anchor "Returns" already defined
PortOpt.html:453:1 (PortOpt.Rd:299): Warning: <h5> anchor "Usage" already defined
PortOpt.html:459:1 (PortOpt.Rd:303): Warning: <h5> anchor "Returns" already defined
PortOpt.html:489:1 (PortOpt.Rd:320): Warning: <h5> anchor "Usage" already defined
PortOpt.html:495:1 (PortOpt.Rd:324): Warning: <h5> anchor "Returns" already defined
PortOpt.html:514:1 (PortOpt.Rd:335): Warning: <h5> anchor "Usage" already defined
PortOpt.html:520:1 (PortOpt.Rd:339): Warning: <h5> anchor "Returns" already defined
PortOpt.html:537:1 (PortOpt.Rd:348): Warning: <h5> anchor "Usage" already defined
PortOpt.html:543:1 (PortOpt.Rd:352): Warning: <h5> anchor "Arguments" already defined
Simulation.html:1553:1 (Simulation.Rd:956): Warning: missing </ul> before </div>
Simulation.html:249:1 (Simulation.Rd:137): Warning: <h5> anchor "Usage" already defined
Simulation.html:255:1 (Simulation.Rd:141): Warning: <h5> anchor "Arguments" already defined
Simulation.html:268:1 (Simulation.Rd:148): Warning: <h5> anchor "Returns" already defined
Simulation.html:286:1 (Simulation.Rd:158): Warning: <h5> anchor "Usage" already defined
Simulation.html:292:1 (Simulation.Rd:162): Warning: <h5> anchor "Arguments" already defined
Simulation.html:308:1 (Simulation.Rd:172): Warning: <h5> anchor "Returns" already defined
Simulation.html:325:1 (Simulation.Rd:181): Warning: <h5> anchor "Usage" already defined
Simulation.html:331:1 (Simulation.Rd:185): Warning: <h5> anchor "Returns" already defined
Simulation.html:349:1 (Simulation.Rd:195): Warning: <h5> anchor "Usage" already defined
Simulation.html:355:1 (Simulation.Rd:199): Warning: <h5> anchor "Returns" already defined
Simulation.html:372:1 (Simulation.Rd:208): Warning: <h5> anchor "Usage" already defined
Simulation.html:378:1 (Simulation.Rd:212): Warning: <h5> anchor "Returns" already defined
Simulation.html:396:1 (Simulation.Rd:222): Warning: <h5> anchor "Usage" already defined
Simulation.html:402:1 (Simulation.Rd:226): Warning: <h5> anchor "Arguments" already defined
Simulation.html:417:1 (Simulation.Rd:235): Warning: <h5> anchor "Returns" already defined
Simulation.html:514:1 (Simulation.Rd:298): Warning: <h5> anchor "Usage" already defined
Simulation.html:525:1 (Simulation.Rd:307): Warning: <h5> anchor "Arguments" already defined
Simulation.html:553:1 (Simulation.Rd:329): Warning: <h5> anchor "Returns" already defined
Simulation.html:689:1 (Simulation.Rd:420): Warning: <h5> anchor "Usage" already defined
Simulation.html:695:1 (Simulation.Rd:424): Warning: <h5> anchor "Arguments" already defined
Simulation.html:710:1 (Simulation.Rd:433): Warning: <h5> anchor "Returns" already defined
Simulation.html:760:1 (Simulation.Rd:464): Warning: <h5> anchor "Usage" already defined
Simulation.html:766:1 (Simulation.Rd:468): Warning: <h5> anchor "Returns" already defined
Simulation.html:805:1 (Simulation.Rd:492): Warning: <h5> anchor "Usage" already defined
Simulation.html:811:1 (Simulation.Rd:496): Warning: <h5> anchor "Returns" already defined
Simulation.html:843:1 (Simulation.Rd:515): Warning: <h5> anchor "Usage" already defined
Simulation.html:849:1 (Simulation.Rd:519): Warning: <h5> anchor "Returns" already defined
Simulation.html:898:1 (Simulation.Rd:549): Warning: <h5> anchor "Usage" already defined
Simulation.html:904:1 (Simulation.Rd:553): Warning: <h5> anchor "Arguments" already defined
Simulation.html:918:1 (Simulation.Rd:561): Warning: <h5> anchor "Returns" already defined
Simulation.html:954:1 (Simulation.Rd:583): Warning: <h5> anchor "Usage" already defined
Simulation.html:960:1 (Simulation.Rd:587): Warning: <h5> anchor "Returns" already defined
Simulation.html:981:1 (Simulation.Rd:600): Warning: <h5> anchor "Usage" already defined
Simulation.html:990:1 (Simulation.Rd:607): Warning: <h5> anchor "Arguments" already defined
Simulation.html:1006:1 (Simulation.Rd:617): Warning: <h5> anchor "Returns" already defined
Simulation.html:1025:1 (Simulation.Rd:628): Warning: <h5> anchor "Usage" already defined
Simulation.html:1031:1 (Simulation.Rd:632): Warning: <h5> anchor "Arguments" already defined
Simulation.html:1056:1 (Simulation.Rd:647): Warning: <h5> anchor "Usage" already defined
Simulation.html:1062:1 (Simulation.Rd:651): Warning: <h5> anchor "Arguments" already defined
Simulation.html:1092:1 (Simulation.Rd:671): Warning: <h5> anchor "Usage" already defined
Simulation.html:1098:1 (Simulation.Rd:675): Warning: <h5> anchor "Arguments" already defined
Simulation.html:1122:1 (Simulation.Rd:689): Warning: <h5> anchor "Usage" already defined
Simulation.html:1128:1 (Simulation.Rd:693): Warning: <h5> anchor "Arguments" already defined
Simulation.html:1157:1 (Simulation.Rd:712): Warning: <h5> anchor "Usage" already defined
Simulation.html:1163:1 (Simulation.Rd:716): Warning: <h5> anchor "Arguments" already defined
Simulation.html:1189:1 (Simulation.Rd:732): Warning: <h5> anchor "Usage" already defined
Simulation.html:1195:1 (Simulation.Rd:736): Warning: <h5> anchor "Arguments" already defined
Simulation.html:1219:1 (Simulation.Rd:750): Warning: <h5> anchor "Usage" already defined
Simulation.html:1225:1 (Simulation.Rd:754): Warning: <h5> anchor "Arguments" already defined
Simulation.html:1250:1 (Simulation.Rd:769): Warning: <h5> anchor "Usage" already defined
Simulation.html:1256:1 (Simulation.Rd:773): Warning: <h5> anchor "Arguments" already defined
Simulation.html:1282:1 (Simulation.Rd:789): Warning: <h5> anchor "Usage" already defined
Simulation.html:1288:1 (Simulation.Rd:793): Warning: <h5> anchor "Arguments" already defined
Simulation.html:1313:1 (Simulation.Rd:808): Warning: <h5> anchor "Usage" already defined
Simulation.html:1319:1 (Simulation.Rd:812): Warning: <h5> anchor "Returns" already defined
Simulation.html:1339:1 (Simulation.Rd:824): Warning: <h5> anchor "Usage" already defined
Simulation.html:1345:1 (Simulation.Rd:828): Warning: <h5> anchor "Returns" already defined
Simulation.html:1370:1 (Simulation.Rd:845): Warning: <h5> anchor "Usage" already defined
Simulation.html:1386:1 (Simulation.Rd:855): Warning: <h5> anchor "Usage" already defined
Simulation.html:1392:1 (Simulation.Rd:859): Warning: <h5> anchor "Arguments" already defined
Simulation.html:1405:1 (Simulation.Rd:866): Warning: <h5> anchor "Returns" already defined
Simulation.html:1425:1 (Simulation.Rd:878): Warning: <h5> anchor "Usage" already defined
Simulation.html:1431:1 (Simulation.Rd:882): Warning: <h5> anchor "Arguments" already defined
Simulation.html:1444:1 (Simulation.Rd:889): Warning: <h5> anchor "Returns" already defined
Simulation.html:1461:1 (Simulation.Rd:898): Warning: <h5> anchor "Usage" already defined
Simulation.html:1467:1 (Simulation.Rd:902): Warning: <h5> anchor "Returns" already defined
Simulation.html:1485:1 (Simulation.Rd:912): Warning: <h5> anchor "Usage" already defined
Simulation.html:1496:1 (Simulation.Rd:921): Warning: <h5> anchor "Arguments" already defined
Simulation.html:1530:1 (Simulation.Rd:945): Warning: <h5> anchor "Usage" already defined
Simulation.html:1536:1 (Simulation.Rd:949): Warning: <h5> anchor "Arguments" already defined
show_best_worst.html:47:1 (show_best_worst.Rd:10): Warning: missing </ul> before </div>
show_config.html:46:1 (show_config.Rd:10): Warning: missing </ul> before </div>
show_constraints.html:46:1 (show_constraints.Rd:10): Warning: missing </ul> before </div>
show_monthly_returns.html:47:1 (show_monthly_returns.Rd:10): Warning: missing </ul> before </div>
show_stats.html:46:1 (show_stats.Rd:10): Warning: missing </ul> before </div>
Flavor: r-devel-linux-x86_64-debian-gcc