Last updated on 2025-10-22 09:50:54 CEST.
Flavor | Version | Tinstall | Tcheck | Ttotal | Status | Flags |
---|---|---|---|---|---|---|
r-devel-linux-x86_64-debian-clang | 1.5-1 | 8.86 | 105.24 | 114.10 | NOTE | |
r-devel-linux-x86_64-debian-gcc | 1.5-1 | 6.95 | 73.08 | 80.03 | NOTE | |
r-devel-linux-x86_64-fedora-clang | 1.5-1 | 45.00 | 141.11 | 186.11 | OK | |
r-devel-linux-x86_64-fedora-gcc | 1.5-1 | 22.00 | 140.88 | 162.88 | OK | |
r-devel-windows-x86_64 | 1.5-1 | 11.00 | 107.00 | 118.00 | OK | |
r-patched-linux-x86_64 | 1.5-1 | 9.95 | 98.90 | 108.85 | OK | |
r-release-linux-x86_64 | 1.5-1 | 10.09 | 98.17 | 108.26 | OK | |
r-release-macos-arm64 | 1.5-1 | 6.00 | 55.00 | 61.00 | OK | |
r-release-macos-x86_64 | 1.5-1 | 11.00 | 107.00 | 118.00 | OK | |
r-release-windows-x86_64 | 1.5-1 | 11.00 | 108.00 | 119.00 | OK | |
r-oldrel-macos-arm64 | 1.5-1 | 4.00 | 43.00 | 47.00 | OK | |
r-oldrel-macos-x86_64 | 1.5-1 | 7.00 | 67.00 | 74.00 | OK | |
r-oldrel-windows-x86_64 | 1.5-1 | 15.00 | 138.00 | 153.00 | OK |
Version: 1.5-1
Check: CRAN incoming feasibility
Result: NOTE
Maintainer: ‘Thomas Lumley <t.lumley@auckland.ac.nz>’
The Description field contains
likelihood, as described in Lumley & Huang (2023) <arXiv:2311.13048>.
Please refer to arXiv e-prints via their arXiv DOI <doi:10.48550/arXiv.YYMM.NNNNN>.
Flavors: r-devel-linux-x86_64-debian-clang, r-devel-linux-x86_64-debian-gcc