Last updated on 2025-10-22 09:50:54 CEST.
Flavor | Version | Tinstall | Tcheck | Ttotal | Status | Flags |
---|---|---|---|---|---|---|
r-devel-linux-x86_64-debian-clang | 0.5.3 | 7.24 | 58.99 | 66.23 | NOTE | |
r-devel-linux-x86_64-debian-gcc | 0.5.3 | 4.70 | 43.89 | 48.59 | NOTE | |
r-devel-linux-x86_64-fedora-clang | 0.5.3 | 28.00 | 74.59 | 102.59 | OK | |
r-devel-linux-x86_64-fedora-gcc | 0.5.3 | 16.00 | 72.02 | 88.02 | OK | |
r-devel-windows-x86_64 | 0.5.3 | 8.00 | 74.00 | 82.00 | OK | |
r-patched-linux-x86_64 | 0.5.3 | 6.57 | 53.59 | 60.16 | OK | |
r-release-linux-x86_64 | 0.5.3 | 6.49 | 54.18 | 60.67 | OK | |
r-release-macos-arm64 | 0.5.3 | 3.00 | 31.00 | 34.00 | OK | |
r-release-macos-x86_64 | 0.5.3 | 6.00 | 47.00 | 53.00 | OK | |
r-release-windows-x86_64 | 0.5.3 | 10.00 | 76.00 | 86.00 | OK | |
r-oldrel-macos-arm64 | 0.5.3 | 3.00 | 28.00 | 31.00 | OK | |
r-oldrel-macos-x86_64 | 0.5.3 | 5.00 | 38.00 | 43.00 | OK | |
r-oldrel-windows-x86_64 | 0.5.3 | 12.00 | 89.00 | 101.00 | OK |
Version: 0.5.3
Check: HTML version of manual
Result: NOTE
Found the following HTML validation problems:
testit.html:51:1 (testit.Rd:12): Warning: missing </ul> before </div>
Flavors: r-devel-linux-x86_64-debian-clang, r-devel-linux-x86_64-debian-gcc