Last updated on 2025-10-21 09:48:49 CEST.
Flavor | Version | Tinstall | Tcheck | Ttotal | Status | Flags |
---|---|---|---|---|---|---|
r-devel-linux-x86_64-debian-clang | 1.0.0 | 11.29 | 361.34 | 372.63 | OK | |
r-devel-linux-x86_64-debian-gcc | 1.0.0 | 8.12 | 244.10 | 252.22 | NOTE | |
r-devel-linux-x86_64-fedora-clang | 1.0.0 | 640.35 | OK | |||
r-devel-linux-x86_64-fedora-gcc | 1.0.0 | 575.07 | NOTE | |||
r-devel-windows-x86_64 | 1.0.0 | 14.00 | 383.00 | 397.00 | OK | |
r-patched-linux-x86_64 | 1.0.0 | 13.38 | 347.58 | 360.96 | OK | |
r-release-linux-x86_64 | 1.0.0 | 10.20 | 348.77 | 358.97 | OK | |
r-release-macos-arm64 | 1.0.0 | 205.00 | OK | |||
r-release-macos-x86_64 | 1.0.0 | 292.00 | OK | |||
r-release-windows-x86_64 | 1.0.0 | 14.00 | 385.00 | 399.00 | OK | |
r-oldrel-macos-arm64 | 1.0.0 | 209.00 | OK | |||
r-oldrel-macos-x86_64 | 1.0.0 | 322.00 | OK | |||
r-oldrel-windows-x86_64 | 1.0.0 | 19.00 | 492.00 | 511.00 | OK |
Version: 1.0.0
Check: HTML version of manual
Result: NOTE
Found the following HTML validation problems:
TealAppDriver.html:1169:1 (TealAppDriver.Rd:684): Warning: missing </ul> before </div>
TealAppDriver.html:253:1 (TealAppDriver.Rd:143): Warning: <h5> anchor "Usage" already defined
TealAppDriver.html:259:1 (TealAppDriver.Rd:147): Warning: <h5> anchor "Arguments" already defined
TealAppDriver.html:286:1 (TealAppDriver.Rd:164): Warning: <h5> anchor "Usage" already defined
TealAppDriver.html:302:1 (TealAppDriver.Rd:174): Warning: <h5> anchor "Usage" already defined
TealAppDriver.html:318:1 (TealAppDriver.Rd:184): Warning: <h5> anchor "Usage" already defined
TealAppDriver.html:334:1 (TealAppDriver.Rd:194): Warning: <h5> anchor "Usage" already defined
TealAppDriver.html:340:1 (TealAppDriver.Rd:198): Warning: <h5> anchor "Arguments" already defined
TealAppDriver.html:357:1 (TealAppDriver.Rd:209): Warning: <h5> anchor "Returns" already defined
TealAppDriver.html:374:1 (TealAppDriver.Rd:218): Warning: <h5> anchor "Usage" already defined
TealAppDriver.html:380:1 (TealAppDriver.Rd:222): Warning: <h5> anchor "Arguments" already defined
TealAppDriver.html:394:1 (TealAppDriver.Rd:230): Warning: <h5> anchor "Returns" already defined
TealAppDriver.html:411:1 (TealAppDriver.Rd:239): Warning: <h5> anchor "Usage" already defined
TealAppDriver.html:417:1 (TealAppDriver.Rd:243): Warning: <h5> anchor "Returns" already defined
TealAppDriver.html:434:1 (TealAppDriver.Rd:252): Warning: <h5> anchor "Usage" already defined
TealAppDriver.html:440:1 (TealAppDriver.Rd:256): Warning: <h5> anchor "Returns" already defined
TealAppDriver.html:457:1 (TealAppDriver.Rd:265): Warning: <h5> anchor "Usage" already defined
TealAppDriver.html:463:1 (TealAppDriver.Rd:269): Warning: <h5> anchor "Arguments" already defined
TealAppDriver.html:476:1 (TealAppDriver.Rd:276): Warning: <h5> anchor "Returns" already defined
TealAppDriver.html:493:1 (TealAppDriver.Rd:285): Warning: <h5> anchor "Usage" already defined
TealAppDriver.html:499:1 (TealAppDriver.Rd:289): Warning: <h5> anchor "Arguments" already defined
TealAppDriver.html:512:1 (TealAppDriver.Rd:296): Warning: <h5> anchor "Returns" already defined
TealAppDriver.html:529:1 (TealAppDriver.Rd:305): Warning: <h5> anchor "Usage" already defined
TealAppDriver.html:535:1 (TealAppDriver.Rd:309): Warning: <h5> anchor "Returns" already defined
TealAppDriver.html:552:1 (TealAppDriver.Rd:318): Warning: <h5> anchor "Usage" already defined
TealAppDriver.html:558:1 (TealAppDriver.Rd:322): Warning: <h5> anchor "Returns" already defined
TealAppDriver.html:575:1 (TealAppDriver.Rd:331): Warning: <h5> anchor "Usage" already defined
TealAppDriver.html:581:1 (TealAppDriver.Rd:335): Warning: <h5> anchor "Arguments" already defined
TealAppDriver.html:594:1 (TealAppDriver.Rd:342): Warning: <h5> anchor "Returns" already defined
TealAppDriver.html:612:1 (TealAppDriver.Rd:352): Warning: <h5> anchor "Usage" already defined
TealAppDriver.html:618:1 (TealAppDriver.Rd:356): Warning: <h5> anchor "Arguments" already defined
TealAppDriver.html:631:1 (TealAppDriver.Rd:363): Warning: <h5> anchor "Returns" already defined
TealAppDriver.html:649:1 (TealAppDriver.Rd:373): Warning: <h5> anchor "Usage" already defined
TealAppDriver.html:655:1 (TealAppDriver.Rd:377): Warning: <h5> anchor "Arguments" already defined
TealAppDriver.html:668:1 (TealAppDriver.Rd:384): Warning: <h5> anchor "Returns" already defined
TealAppDriver.html:686:1 (TealAppDriver.Rd:394): Warning: <h5> anchor "Usage" already defined
TealAppDriver.html:692:1 (TealAppDriver.Rd:398): Warning: <h5> anchor "Arguments" already defined
TealAppDriver.html:708:1 (TealAppDriver.Rd:408): Warning: <h5> anchor "Returns" already defined
TealAppDriver.html:726:1 (TealAppDriver.Rd:418): Warning: <h5> anchor "Usage" already defined
TealAppDriver.html:732:1 (TealAppDriver.Rd:422): Warning: <h5> anchor "Arguments" already defined
TealAppDriver.html:745:1 (TealAppDriver.Rd:429): Warning: <h5> anchor "Returns" already defined
TealAppDriver.html:763:1 (TealAppDriver.Rd:439): Warning: <h5> anchor "Usage" already defined
TealAppDriver.html:769:1 (TealAppDriver.Rd:443): Warning: <h5> anchor "Arguments" already defined
TealAppDriver.html:786:1 (TealAppDriver.Rd:454): Warning: <h5> anchor "Returns" already defined
TealAppDriver.html:803:1 (TealAppDriver.Rd:463): Warning: <h5> anchor "Usage" already defined
TealAppDriver.html:819:1 (TealAppDriver.Rd:473): Warning: <h5> anchor "Usage" already defined
TealAppDriver.html:825:1 (TealAppDriver.Rd:477): Warning: <h5> anchor "Returns" already defined
TealAppDriver.html:842:1 (TealAppDriver.Rd:486): Warning: <h5> anchor "Usage" already defined
TealAppDriver.html:853:1 (TealAppDriver.Rd:495): Warning: <h5> anchor "Arguments" already defined
TealAppDriver.html:870:1 (TealAppDriver.Rd:506): Warning: <h5> anchor "Returns" already defined
TealAppDriver.html:887:1 (TealAppDriver.Rd:515): Warning: <h5> anchor "Usage" already defined
TealAppDriver.html:893:1 (TealAppDriver.Rd:519): Warning: <h5> anchor "Arguments" already defined
TealAppDriver.html:917:1 (TealAppDriver.Rd:533): Warning: <h5> anchor "Usage" already defined
TealAppDriver.html:923:1 (TealAppDriver.Rd:537): Warning: <h5> anchor "Arguments" already defined
TealAppDriver.html:940:1 (TealAppDriver.Rd:548): Warning: <h5> anchor "Returns" already defined
TealAppDriver.html:957:1 (TealAppDriver.Rd:557): Warning: <h5> anchor "Usage" already defined
TealAppDriver.html:963:1 (TealAppDriver.Rd:561): Warning: <h5> anchor "Arguments" already defined
TealAppDriver.html:980:1 (TealAppDriver.Rd:572): Warning: <h5> anchor "Returns" already defined
TealAppDriver.html:997:1 (TealAppDriver.Rd:581): Warning: <h5> anchor "Usage" already defined
TealAppDriver.html:1003:1 (TealAppDriver.Rd:585): Warning: <h5> anchor "Arguments" already defined
TealAppDriver.html:1022:1 (TealAppDriver.Rd:598): Warning: <h5> anchor "Returns" already defined
TealAppDriver.html:1039:1 (TealAppDriver.Rd:607): Warning: <h5> anchor "Usage" already defined
TealAppDriver.html:1045:1 (TealAppDriver.Rd:611): Warning: <h5> anchor "Arguments" already defined
TealAppDriver.html:1060:1 (TealAppDriver.Rd:620): Warning: <h5> anchor "Returns" already defined
TealAppDriver.html:1077:1 (TealAppDriver.Rd:629): Warning: <h5> anchor "Usage" already defined
TealAppDriver.html:1083:1 (TealAppDriver.Rd:633): Warning: <h5> anchor "Arguments" already defined
TealAppDriver.html:1096:1 (TealAppDriver.Rd:640): Warning: <h5> anchor "Returns" already defined
TealAppDriver.html:1112:1 (TealAppDriver.Rd:649): Warning: <h5> anchor "Usage" already defined
TealAppDriver.html:1118:1 (TealAppDriver.Rd:653): Warning: <h5> anchor "Returns" already defined
TealAppDriver.html:1137:1 (TealAppDriver.Rd:664): Warning: <h5> anchor "Usage" already defined
TealAppDriver.html:1148:1 (TealAppDriver.Rd:673): Warning: <h5> anchor "Arguments" already defined
TealReportCard.html:145:1 (TealReportCard.Rd:107): Warning: <h5> anchor "Usage" already defined
TealReportCard.html:151:1 (TealReportCard.Rd:111): Warning: <h5> anchor "Arguments" already defined
TealReportCard.html:164:1 (TealReportCard.Rd:118): Warning: <h5> anchor "Returns" already defined
TealReportCard.html:181:1 (TealReportCard.Rd:127): Warning: <h5> anchor "Usage" already defined
TealReportCard.html:187:1 (TealReportCard.Rd:131): Warning: <h5> anchor "Arguments" already defined
TealReportCard.html:200:1 (TealReportCard.Rd:138): Warning: <h5> anchor "Returns" already defined
TealReportCard.html:207:1 (TealReportCard.Rd:141): Warning: <h5> anchor "Examples" already defined
TealReportCard.html:228:1 (TealReportCard.Rd:157): Warning: <h5> anchor "Usage" already defined
TealReportCard.html:234:1 (TealReportCard.Rd:161): Warning: <h5> anchor "Arguments" already defined
TealSlicesBlock.html:128:1 (TealSlicesBlock.Rd:89): Warning: <h5> anchor "Usage" already defined
TealSlicesBlock.html:134:1 (TealSlicesBlock.Rd:93): Warning: <h5> anchor "Arguments" already defined
TealSlicesBlock.html:147:1 (TealSlicesBlock.Rd:100): Warning: <h5> anchor "Returns" already defined
TealSlicesBlock.html:164:1 (TealSlicesBlock.Rd:109): Warning: <h5> anchor "Usage" already defined
TealSlicesBlock.html:170:1 (TealSlicesBlock.Rd:113): Warning: <h5> anchor "Arguments" already defined
TealSlicesBlock.html:184:1 (TealSlicesBlock.Rd:121): Warning: <h5> anchor "Returns" already defined
TealSlicesBlock.html:213:1 (TealSlicesBlock.Rd:141): Warning: <h5> anchor "Usage" already defined
TealSlicesBlock.html:219:1 (TealSlicesBlock.Rd:145): Warning: <h5> anchor "Returns" already defined
TealSlicesBlock.html:226:1 (TealSlicesBlock.Rd:148): Warning: <h5> anchor "Examples" already defined
TealSlicesBlock.html:248:1 (TealSlicesBlock.Rd:165): Warning: <h5> anchor "Usage" already defined
TealSlicesBlock.html:254:1 (TealSlicesBlock.Rd:169): Warning: <h5> anchor "Arguments" already defined
dot-get_reporter_options.html:48:1 (dot-get_reporter_options.Rd:11): Warning: missing </ul> before </div>
dot-smart_rbind.html:46:1 (dot-smart_rbind.Rd:10): Warning: missing </ul> before </div>
teal_extend_server.html:55:1 (teal_extend_server.Rd:15): Warning: missing </ul> before </div>
validate_app_title_tag.html:46:1 (validate_app_title_tag.Rd:10): Warning: missing </ul> before </div>
Flavor: r-devel-linux-x86_64-debian-gcc
Version: 1.0.0
Check: for non-standard things in the check directory
Result: NOTE
Found the following files/directories:
‘.renv’ ‘BiocManager’
Flavor: r-devel-linux-x86_64-fedora-gcc