Last updated on 2025-10-21 09:48:49 CEST.
Flavor | Version | Tinstall | Tcheck | Ttotal | Status | Flags |
---|---|---|---|---|---|---|
r-devel-linux-x86_64-debian-clang | 0.7.0 | 8.58 | 103.40 | 111.98 | OK | |
r-devel-linux-x86_64-debian-gcc | 0.7.0 | 6.19 | 70.65 | 76.84 | NOTE | |
r-devel-linux-x86_64-fedora-clang | 0.7.0 | 187.24 | OK | |||
r-devel-linux-x86_64-fedora-gcc | 0.7.0 | 171.14 | OK | |||
r-devel-windows-x86_64 | 0.7.0 | 10.00 | 122.00 | 132.00 | OK | |
r-patched-linux-x86_64 | 0.7.0 | 11.00 | 93.87 | 104.87 | OK | |
r-release-linux-x86_64 | 0.7.0 | 9.03 | 93.95 | 102.98 | OK | |
r-release-macos-arm64 | 0.7.0 | 57.00 | OK | |||
r-release-macos-x86_64 | 0.7.0 | 107.00 | OK | |||
r-release-windows-x86_64 | 0.7.0 | 14.00 | 124.00 | 138.00 | OK | |
r-oldrel-macos-arm64 | 0.7.0 | 60.00 | OK | |||
r-oldrel-macos-x86_64 | 0.7.0 | 113.00 | OK | |||
r-oldrel-windows-x86_64 | 0.7.0 | 15.00 | 149.00 | 164.00 | OK |
Version: 0.7.0
Check: HTML version of manual
Result: NOTE
Found the following HTML validation problems:
Queue.html:306:1 (Queue.Rd:160): Warning: missing </ul> before </div>
Queue.html:117:1 (Queue.Rd:55): Warning: <h5> anchor "Usage" already defined
Queue.html:123:1 (Queue.Rd:59): Warning: <h5> anchor "Returns" already defined
Queue.html:140:1 (Queue.Rd:68): Warning: <h5> anchor "Usage" already defined
Queue.html:146:1 (Queue.Rd:72): Warning: <h5> anchor "Returns" already defined
Queue.html:165:1 (Queue.Rd:83): Warning: <h5> anchor "Usage" already defined
Queue.html:171:1 (Queue.Rd:87): Warning: <h5> anchor "Arguments" already defined
Queue.html:184:1 (Queue.Rd:94): Warning: <h5> anchor "Returns" already defined
Queue.html:201:1 (Queue.Rd:103): Warning: <h5> anchor "Usage" already defined
Queue.html:207:1 (Queue.Rd:107): Warning: <h5> anchor "Returns" already defined
Queue.html:224:1 (Queue.Rd:116): Warning: <h5> anchor "Usage" already defined
Queue.html:230:1 (Queue.Rd:120): Warning: <h5> anchor "Returns" already defined
Queue.html:247:1 (Queue.Rd:129): Warning: <h5> anchor "Usage" already defined
Queue.html:253:1 (Queue.Rd:133): Warning: <h5> anchor "Arguments" already defined
Queue.html:266:1 (Queue.Rd:140): Warning: <h5> anchor "Returns" already defined
Queue.html:283:1 (Queue.Rd:149): Warning: <h5> anchor "Usage" already defined
Queue.html:289:1 (Queue.Rd:153): Warning: <h5> anchor "Arguments" already defined
Flavor: r-devel-linux-x86_64-debian-gcc