Last updated on 2025-10-22 09:50:54 CEST.
Flavor | Version | Tinstall | Tcheck | Ttotal | Status | Flags |
---|---|---|---|---|---|---|
r-devel-linux-x86_64-debian-clang | 1.0.6.1 | 4.26 | 66.36 | 70.62 | NOTE | |
r-devel-linux-x86_64-debian-gcc | 1.0.6.1 | 3.23 | 49.18 | 52.41 | NOTE | |
r-devel-linux-x86_64-fedora-clang | 1.0.6.1 | 23.00 | 82.77 | 105.77 | OK | |
r-devel-linux-x86_64-fedora-gcc | 1.0.6.1 | 113.85 | OK | |||
r-devel-windows-x86_64 | 1.0.6.1 | 6.00 | 80.00 | 86.00 | OK | |
r-patched-linux-x86_64 | 1.0.6.1 | 3.76 | 60.77 | 64.53 | OK | |
r-release-linux-x86_64 | 1.0.6.1 | 3.95 | 60.86 | 64.81 | OK | |
r-release-macos-arm64 | 1.0.6.1 | 3.00 | 37.00 | 40.00 | OK | |
r-release-macos-x86_64 | 1.0.6.1 | 4.00 | 72.00 | 76.00 | OK | |
r-release-windows-x86_64 | 1.0.6.1 | 7.00 | 83.00 | 90.00 | OK | |
r-oldrel-macos-arm64 | 1.0.6.1 | 2.00 | 43.00 | 45.00 | OK | |
r-oldrel-macos-x86_64 | 1.0.6.1 | 4.00 | 74.00 | 78.00 | OK | |
r-oldrel-windows-x86_64 | 1.0.6.1 | 8.00 | 100.00 | 108.00 | OK |
Version: 1.0.6.1
Check: HTML version of manual
Result: NOTE
Found the following HTML validation problems:
constants.html:46:1 (constants.Rd:10): Warning: missing </ul> before </div>
enviro_par.html:46:1 (enviro_par.Rd:10): Warning: missing </ul> before </div>
leaf_par.html:46:1 (leaf_par.Rd:10): Warning: missing </ul> before </div>
Flavors: r-devel-linux-x86_64-debian-clang, r-devel-linux-x86_64-debian-gcc