CRAN Package Check Results for Package tensorBF

Last updated on 2025-10-22 09:50:54 CEST.

Flavor Version Tinstall Tcheck Ttotal Status Flags
r-devel-linux-x86_64-debian-clang 1.0.2 3.39 26.23 29.62 NOTE
r-devel-linux-x86_64-debian-gcc 1.0.2 2.23 20.41 22.64 NOTE
r-devel-linux-x86_64-fedora-clang 1.0.2 17.00 30.16 47.16 OK
r-devel-linux-x86_64-fedora-gcc 1.0.2 41.41 OK
r-devel-windows-x86_64 1.0.2 3.00 45.00 48.00 OK
r-patched-linux-x86_64 1.0.2 3.10 24.74 27.84 OK
r-release-linux-x86_64 1.0.2 3.25 24.77 28.02 OK
r-release-macos-arm64 1.0.2 2.00 14.00 16.00 OK
r-release-macos-x86_64 1.0.2 3.00 24.00 27.00 OK
r-release-windows-x86_64 1.0.2 4.00 44.00 48.00 OK
r-oldrel-macos-arm64 1.0.2 2.00 13.00 15.00 OK
r-oldrel-macos-x86_64 1.0.2 2.00 21.00 23.00 OK
r-oldrel-windows-x86_64 1.0.2 5.00 50.00 55.00 OK

Check Details

Version: 1.0.2
Check: CRAN incoming feasibility
Result: NOTE Maintainer: ‘Suleiman A Khan <khan.suleiman@gmail.com>’ Package CITATION file contains call(s) to old-style personList() or as.personList(). Please use c() on person objects instead. Package CITATION file contains call(s) to old-style citEntry(). Please use bibentry() instead. Flavors: r-devel-linux-x86_64-debian-clang, r-devel-linux-x86_64-debian-gcc