Last updated on 2025-10-21 09:48:49 CEST.
Flavor | Version | Tinstall | Tcheck | Ttotal | Status | Flags |
---|---|---|---|---|---|---|
r-devel-linux-x86_64-debian-clang | 2.4.9 | 26.65 | 116.56 | 143.21 | OK | |
r-devel-linux-x86_64-debian-gcc | 2.4.9 | 18.42 | 77.53 | 95.95 | NOTE | |
r-devel-linux-x86_64-fedora-clang | 2.4.9 | 246.22 | OK | |||
r-devel-linux-x86_64-fedora-gcc | 2.4.9 | 228.38 | OK | |||
r-devel-windows-x86_64 | 2.4.9 | 31.00 | 138.00 | 169.00 | OK | |
r-patched-linux-x86_64 | 2.4.9 | 28.35 | 108.98 | 137.33 | OK | |
r-release-linux-x86_64 | 2.4.9 | 27.80 | 109.87 | 137.67 | OK | |
r-release-macos-arm64 | 2.4.9 | 58.00 | OK | |||
r-release-macos-x86_64 | 2.4.9 | 117.00 | OK | |||
r-release-windows-x86_64 | 2.4.9 | 35.00 | 139.00 | 174.00 | OK | |
r-oldrel-macos-arm64 | 2.4.9 | 57.00 | OK | |||
r-oldrel-macos-x86_64 | 2.4.9 | 87.00 | OK | |||
r-oldrel-windows-x86_64 | 2.4.9 | 43.00 | 177.00 | 220.00 | OK |
Version: 2.4.9
Check: HTML version of manual
Result: NOTE
Found the following HTML validation problems:
addExcesses.html:63:1 (addExcesses.Rd:18): Warning: missing </ul> before </div>
dglo.html:77:1 (dglo.Rd:31): Warning: missing </ul> before </div>
dgumbel.html:74:1 (dgumbel.Rd:30): Warning: missing </ul> before </div>
ggplot.copula.html:147:1 (ggplot.copula.Rd:74): Warning: missing </ul> before </div>
ggplot.declustered.html:108:1 (ggplot.declustered.Rd:53): Warning: missing </ul> before </div>
ggplot.evmBoot.html:85:1 (ggplot.evmBoot.Rd:37): Warning: missing </ul> before </div>
ggplot.evmSim.html:94:1 (ggplot.evmSim.Rd:46): Warning: missing </ul> before </div>
ggplot.rl.evmOpt.html:104:1 (ggplot.rl.evmOpt.Rd:50): Warning: missing </ul> before </div>
plot.copula.html:61:1 (plot.copula.Rd:18): Warning: missing </ul> before </div>
print.evmOpt.html:55:1 (print.evmOpt.Rd:14): Warning: missing </ul> before </div>
Flavor: r-devel-linux-x86_64-debian-gcc