Last updated on 2025-10-21 09:48:49 CEST.
Flavor | Version | Tinstall | Tcheck | Ttotal | Status | Flags |
---|---|---|---|---|---|---|
r-devel-linux-x86_64-debian-clang | 0.2.1 | 10.93 | 181.09 | 192.02 | OK | |
r-devel-linux-x86_64-debian-gcc | 0.2.1 | 9.06 | 119.31 | 128.37 | NOTE | |
r-devel-linux-x86_64-fedora-clang | 0.2.1 | 318.16 | OK | |||
r-devel-linux-x86_64-fedora-gcc | 0.2.1 | 277.72 | OK | |||
r-devel-windows-x86_64 | 0.2.1 | 14.00 | 168.00 | 182.00 | OK | |
r-patched-linux-x86_64 | 0.2.1 | 13.49 | 170.05 | 183.54 | OK | |
r-release-linux-x86_64 | 0.2.1 | 13.62 | 167.74 | 181.36 | OK | |
r-release-macos-arm64 | 0.2.1 | 82.00 | OK | |||
r-release-macos-x86_64 | 0.2.1 | 203.00 | OK | |||
r-release-windows-x86_64 | 0.2.1 | 16.00 | 166.00 | 182.00 | OK | |
r-oldrel-macos-arm64 | 0.2.1 | 85.00 | OK | |||
r-oldrel-macos-x86_64 | 0.2.1 | 175.00 | OK | |||
r-oldrel-windows-x86_64 | 0.2.1 | 20.00 | 228.00 | 248.00 | OK |
Version: 0.2.1
Check: HTML version of manual
Result: NOTE
Found the following HTML validation problems:
frmt.html:81:1 (frmt.Rd:47): Warning: <h4> anchor "expression" already defined
frmt.html:99:1 (frmt.Rd:58): Warning: <h4> anchor "missing" already defined
frmt.html:115:1 (frmt.Rd:67): Warning: <h4> anchor "..." already defined
json_to_tfrmt.html:52:1 (json_to_tfrmt.Rd:14): Warning: missing </ul> before </div>
Flavor: r-devel-linux-x86_64-debian-gcc