Last updated on 2025-10-22 09:50:54 CEST.
Flavor | Version | Tinstall | Tcheck | Ttotal | Status | Flags |
---|---|---|---|---|---|---|
r-devel-linux-x86_64-debian-clang | 0.4.2 | 7.94 | 165.37 | 173.31 | NOTE | |
r-devel-linux-x86_64-debian-gcc | 0.4.2 | 4.55 | 112.53 | 117.08 | NOTE | |
r-devel-linux-x86_64-fedora-clang | 0.4.2 | 41.00 | 233.91 | 274.91 | OK | |
r-devel-linux-x86_64-fedora-gcc | 0.4.2 | 15.00 | 246.32 | 261.32 | OK | |
r-devel-windows-x86_64 | 0.4.2 | 10.00 | 168.00 | 178.00 | OK | |
r-patched-linux-x86_64 | 0.4.2 | 7.03 | 153.52 | 160.55 | OK | |
r-release-linux-x86_64 | 0.4.2 | 7.37 | 153.70 | 161.07 | OK | |
r-release-macos-arm64 | 0.4.2 | 4.00 | 74.00 | 78.00 | OK | |
r-release-macos-x86_64 | 0.4.2 | 11.00 | 201.00 | 212.00 | OK | |
r-release-windows-x86_64 | 0.4.2 | 10.00 | 170.00 | 180.00 | OK | |
r-oldrel-macos-arm64 | 0.4.2 | 3.00 | 77.00 | 80.00 | OK | |
r-oldrel-macos-x86_64 | 0.4.2 | 6.00 | 148.00 | 154.00 | OK | |
r-oldrel-windows-x86_64 | 0.4.2 | 14.00 | 216.00 | 230.00 | OK |
Version: 0.4.2
Check: HTML version of manual
Result: NOTE
Found the following HTML validation problems:
expand_range.html:58:1 (expand_range.Rd:16): Warning: missing </ul> before </div>
rescale.html:77:1 (rescale.Rd:35): Warning: missing </ul> before </div>
rescale_max.html:55:1 (rescale_max.Rd:15): Warning: missing </ul> before </div>
rescale_mid.html:81:1 (rescale_mid.Rd:37): Warning: missing </ul> before </div>
rescale_none.html:50:1 (rescale_none.Rd:12): Warning: missing </ul> before </div>
Flavors: r-devel-linux-x86_64-debian-clang, r-devel-linux-x86_64-debian-gcc