Last updated on 2025-10-22 09:50:55 CEST.
Flavor | Version | Tinstall | Tcheck | Ttotal | Status | Flags |
---|---|---|---|---|---|---|
r-devel-linux-x86_64-debian-clang | 0.2.7 | 9.42 | 185.19 | 194.61 | NOTE | |
r-devel-linux-x86_64-debian-gcc | 0.2.7 | 6.17 | 133.54 | 139.71 | NOTE | |
r-devel-linux-x86_64-fedora-clang | 0.2.7 | 52.00 | 253.86 | 305.86 | OK | |
r-devel-linux-x86_64-fedora-gcc | 0.2.7 | 20.00 | 290.38 | 310.38 | OK | |
r-devel-windows-x86_64 | 0.2.7 | 10.00 | 144.00 | 154.00 | OK | |
r-patched-linux-x86_64 | 0.2.7 | 10.01 | 214.64 | 224.65 | OK | |
r-release-linux-x86_64 | 0.2.7 | 8.71 | 215.60 | 224.31 | OK | |
r-release-macos-arm64 | 0.2.7 | 4.00 | 70.00 | 74.00 | OK | |
r-release-macos-x86_64 | 0.2.7 | 9.00 | 113.00 | 122.00 | OK | |
r-release-windows-x86_64 | 0.2.7 | 9.00 | 144.00 | 153.00 | OK | |
r-oldrel-macos-arm64 | 0.2.7 | 5.00 | 63.00 | 68.00 | OK | |
r-oldrel-macos-x86_64 | 0.2.7 | 12.00 | 176.00 | 188.00 | OK | |
r-oldrel-windows-x86_64 | 0.2.7 | 14.00 | 178.00 | 192.00 | OK |
Version: 0.2.7
Check: HTML version of manual
Result: NOTE
Found the following HTML validation problems:
print.prune_rulelist.html:51:1 (print.prune_rulelist.Rd:12): Warning: missing </ul> before </div>
Flavors: r-devel-linux-x86_64-debian-clang, r-devel-linux-x86_64-debian-gcc