Last updated on 2025-10-22 09:50:55 CEST.
Flavor | Version | Tinstall | Tcheck | Ttotal | Status | Flags |
---|---|---|---|---|---|---|
r-devel-linux-x86_64-debian-clang | 4051.111 | 13.99 | 86.89 | 100.88 | NOTE | |
r-devel-linux-x86_64-debian-gcc | 4051.111 | 10.10 | 57.80 | 67.90 | NOTE | |
r-devel-linux-x86_64-fedora-clang | 4051.111 | 76.00 | 88.66 | 164.66 | OK | |
r-devel-linux-x86_64-fedora-gcc | 4051.111 | 30.00 | 117.30 | 147.30 | OK | |
r-devel-windows-x86_64 | 4051.111 | 21.00 | 102.00 | 123.00 | OK | |
r-patched-linux-x86_64 | 4041.110 | 13.88 | 79.29 | 93.17 | OK | |
r-release-linux-x86_64 | 4051.111 | 12.05 | 80.32 | 92.37 | OK | |
r-release-macos-arm64 | 4051.111 | 6.00 | 63.00 | 69.00 | OK | |
r-release-macos-x86_64 | 4051.111 | 18.00 | 103.00 | 121.00 | OK | |
r-release-windows-x86_64 | 4051.111 | 25.00 | 99.00 | 124.00 | OK | |
r-oldrel-macos-arm64 | 4051.111 | 7.00 | 66.00 | 73.00 | OK | |
r-oldrel-macos-x86_64 | 4051.111 | 11.00 | 94.00 | 105.00 | OK | |
r-oldrel-windows-x86_64 | 4051.111 | 26.00 | 116.00 | 142.00 | OK |
Version: 4051.111
Check: HTML version of manual
Result: NOTE
Found the following HTML validation problems:
options-RmetricsOptions.html:64:1 (options-RmetricsOptions.Rd:34): Warning: missing </ul> before </div>
Flavors: r-devel-linux-x86_64-debian-clang, r-devel-linux-x86_64-debian-gcc