Last updated on 2025-10-21 09:48:51 CEST.
Flavor | Version | Tinstall | Tcheck | Ttotal | Status | Flags |
---|---|---|---|---|---|---|
r-devel-linux-x86_64-debian-clang | 0.7-16 | 18.73 | 66.26 | 84.99 | OK | |
r-devel-linux-x86_64-debian-gcc | 0.7-16 | 13.45 | 49.08 | 62.53 | NOTE | |
r-devel-linux-x86_64-fedora-clang | 0.7-16 | 145.11 | OK | |||
r-devel-linux-x86_64-fedora-gcc | 0.7-16 | 146.13 | OK | |||
r-devel-windows-x86_64 | 0.7-16 | 29.00 | 128.00 | 157.00 | OK | |
r-patched-linux-x86_64 | 0.7-16 | 19.08 | 63.02 | 82.10 | OK | |
r-release-linux-x86_64 | 0.7-16 | 18.75 | 63.24 | 81.99 | OK | |
r-release-macos-arm64 | 0.7-16 | 57.00 | OK | |||
r-release-macos-x86_64 | 0.7-16 | 91.00 | OK | |||
r-release-windows-x86_64 | 0.7-16 | 30.00 | 153.00 | 183.00 | OK | |
r-oldrel-macos-arm64 | 0.7-16 | 79.00 | NOTE | |||
r-oldrel-macos-x86_64 | 0.7-16 | 147.00 | NOTE | |||
r-oldrel-windows-x86_64 | 0.7-16 | 34.00 | 144.00 | 178.00 | NOTE |
Version: 0.7-16
Check: top-level files
Result: NOTE
Found the following validation problem for the NEWS.Rd HTML conversion:
NEWS.html:1200:1 (inst/NEWS.Rd:598): Warning: missing </ul> before </div>
NEWS.html:40:1 (inst/NEWS.Rd:12): Warning: <h4> anchor "BUG-FIXES" already defined
NEWS.html:55:1 (inst/NEWS.Rd:19): Warning: <h4> anchor "BUG-FIXES" already defined
NEWS.html:70:1 (inst/NEWS.Rd:26): Warning: <h4> anchor "BUG-FIXES" already defined
NEWS.html:85:1 (inst/NEWS.Rd:33): Warning: <h4> anchor "BUG-FIXES" already defined
NEWS.html:100:1 (inst/NEWS.Rd:40): Warning: <h4> anchor "BUG-FIXES" already defined
NEWS.html:131:1 (inst/NEWS.Rd:55): Warning: <h4> anchor "BUG-FIXES" already defined
NEWS.html:146:1 (inst/NEWS.Rd:62): Warning: <h4> anchor "BUG-FIXES" already defined
NEWS.html:168:1 (inst/NEWS.Rd:74): Warning: <h4> anchor "NEW-FEATURES" already defined
NEWS.html:180:1 (inst/NEWS.Rd:80): Warning: <h4> anchor "BUG-FIXES" already defined
NEWS.html:196:1 (inst/NEWS.Rd:88): Warning: <h4> anchor "BUG-FIXES" already defined
NEWS.html:211:1 (inst/NEWS.Rd:95): Warning: <h4> anchor "BUG-FIXES" already defined
NEWS.html:230:1 (inst/NEWS.Rd:104): Warning: <h4> anchor "BUG-FIXES" already defined
NEWS.html:282:1 (inst/NEWS.Rd:132): Warning: <h4> anchor "NEW-FEATURES" already defined
NEWS.html:294:1 (inst/NEWS.Rd:138): Warning: <h4> anchor "BUG-FIXES" already defined
NEWS.html:311:1 (inst/NEWS.Rd:147): Warning: <h4> anchor "BUG-FIXES" already defined
NEWS.html:326:1 (inst/NEWS.Rd:154): Warning: <h4> anchor "SIGNIFICANT-USER-VISIBLE-CHANGES" already defined
NEWS.html:339:1 (inst/NEWS.Rd:161): Warning: <h4> anchor "NEW-FEATURES" already defined
NEWS.html:376:1 (inst/NEWS.Rd:184): Warning: <h4> anchor "BUG-FIXES" already defined
NEWS.html:392:1 (inst/NEWS.Rd:192): Warning: <h4> anchor "SIGNIFICANT-USER-VISIBLE-CHANGES" already defined
NEWS.html:406:1 (inst/NEWS.Rd:200): Warning: <h4> anchor "NEW-FEATURES" already defined
NEWS.html:429:1 (inst/NEWS.Rd:211): Warning: <h4> anchor "BUG-FIXES" already defined
NEWS.html:445:1 (inst/NEWS.Rd:219): Warning: <h4> anchor "SIGNIFICANT-USER-VISIBLE-CHANGES" already defined
NEWS.html:471:1 (inst/NEWS.Rd:233): Warning: <h4> anchor "NEW-FEATURES" already defined
NEWS.html:498:1 (inst/NEWS.Rd:246): Warning: <h4> anchor "BUG-FIXES" already defined
NEWS.html:549:1 (inst/NEWS.Rd:272): Warning: <h4> anchor "SIGNIFICANT-USER-VISIBLE-CHANGES" already defined
NEWS.html:569:1 (inst/NEWS.Rd:281): Warning: <h4> anchor "DEPRECATED-+26-DEFUNCT" already defined
NEWS.html:617:1 (inst/NEWS.Rd:305): Warning: <h4> anchor "SIGNIFICANT-USER-VISIBLE-CHANGES" already defined
NEWS.html:638:1 (inst/NEWS.Rd:316): Warning: <h4> anchor "DEPRECATED-+26-DEFUNCT" already defined
NEWS.html:659:1 (inst/NEWS.Rd:326): Warning: <h4> anchor "SIGNIFICANT-USER-VISIBLE-CHANGES" already defined
NEWS.html:671:1 (inst/NEWS.Rd:332): Warning: <h4> anchor "NEW-FEATURES" already defined
NEWS.html:682:1 (inst/NEWS.Rd:337): Warning: <h4> anchor "BUG-FIXES" already defined
NEWS.html:703:1 (inst/NEWS.Rd:348): Warning: <h4> anchor "SIGNIFICANT-USER-VISIBLE-CHANGES" already defined
NEWS.html:721:1 (inst/NEWS.Rd:358): Warning: <h4> anchor "NEW-FEATURES" already defined
NEWS.html:743:1 (inst/NEWS.Rd:368): Warning: <h4> anchor "NEW-FEATURES" already defined
NEWS.html:755:1 (inst/NEWS.Rd:374): Warning: <h4> anchor "BUG-FIXES" already defined
NEWS.html:772:1 (inst/NEWS.Rd:383): Warning: <h4> anchor "SIGNIFICANT-USER-VISIBLE-CHANGES" already defined
NEWS.html:783:1 (inst/NEWS.Rd:388): Warning: <h4> anchor "NEW-FEATURES" already defined
NEWS.html:810:1 (inst/NEWS.Rd:403): Warning: <h4> anchor "NEW-FEATURES" already defined
NEWS.html:829:1 (inst/NEWS.Rd:412): Warning: <h4> anchor "SIGNIFICANT-USER-VISIBLE-CHANGES" already defined
NEWS.html:842:1 (inst/NEWS.Rd:419): Warning: <h4> anchor "NEW-FEATURES" already defined
NEWS.html:858:1 (inst/NEWS.Rd:427): Warning: <h4> anchor "DEPRECATED-+26-DEFUNCT" already defined
NEWS.html:878:1 (inst/NEWS.Rd:436): Warning: <h4> anchor "BUG-FIXES" already defined
NEWS.html:894:1 (inst/NEWS.Rd:444): Warning: <h4> anchor "BUG-FIXES" already defined
NEWS.html:909:1 (inst/NEWS.Rd:451): Warning: <h4> anchor "SIGNIFICANT-USER-VISIBLE-CHANGES" already defined
NEWS.html:952:1 (inst/NEWS.Rd:469): Warning: <h4> anchor "DEPRECATED-+26-DEFUNCT" already defined
NEWS.html:976:1 (inst/NEWS.Rd:480): Warning: <h4> anchor "SIGNIFICANT-USER-VISIBLE-CHANGES" already defined
NEWS.html:1009:1 (inst/NEWS.Rd:499): Warning: <h4> anchor "NEW-FEATURES" already defined
NEWS.html:1021:1 (inst/NEWS.Rd:505): Warning: <h4> anchor "BUG-FIXES" already defined
NEWS.html:1037:1 (inst/NEWS.Rd:513): Warning: <h4> anchor "SIGNIFICANT-USER-VISIBLE-CHANGES" already defined
NEWS.html:1054:1 (inst/NEWS.Rd:522): Warning: <h4> anchor "NEW-FEATURES" already defined
NEWS.html:1101:1 (inst/NEWS.Rd:547): Warning: <h4> anchor "DEPRECATED-+26-DEFUNCT" already defined
NEWS.html:1123:1 (inst/NEWS.Rd:557): Warning: <h4> anchor "NEW-FEATURES" already defined
NEWS.html:1146:1 (inst/NEWS.Rd:570): Warning: <h4> anchor "BUG-FIXES" already defined
NEWS.html:1170:1 (inst/NEWS.Rd:582): Warning: <h4> anchor "NEW-FEATURES" already defined
Flavor: r-devel-linux-x86_64-debian-gcc
Version: 0.7-16
Check: package dependencies
Result: NOTE
Packages suggested but not available for checking:
'Rcampdf', 'tm.lexicon.GeneralInquirer'
Flavors: r-oldrel-macos-arm64, r-oldrel-macos-x86_64, r-oldrel-windows-x86_64