Last updated on 2025-10-22 09:50:56 CEST.
Flavor | Version | Tinstall | Tcheck | Ttotal | Status | Flags |
---|---|---|---|---|---|---|
r-devel-linux-x86_64-debian-clang | 0.4-2 | 19.38 | 104.60 | 123.98 | NOTE | |
r-devel-linux-x86_64-debian-gcc | 0.4-2 | 12.66 | 74.42 | 87.08 | NOTE | |
r-devel-linux-x86_64-fedora-clang | 0.4-2 | 100.00 | 99.01 | 199.01 | NOTE | |
r-devel-linux-x86_64-fedora-gcc | 0.4-2 | 38.00 | 157.16 | 195.16 | NOTE | |
r-devel-windows-x86_64 | 0.4-2 | 20.00 | 118.00 | 138.00 | NOTE | |
r-patched-linux-x86_64 | 0.4-2 | 17.78 | 95.90 | 113.68 | NOTE | |
r-release-linux-x86_64 | 0.4-2 | 16.73 | 97.05 | 113.78 | NOTE | |
r-release-macos-arm64 | 0.4-2 | 8.00 | 61.00 | 69.00 | NOTE | |
r-release-macos-x86_64 | 0.4-2 | 19.00 | 106.00 | 125.00 | NOTE | |
r-release-windows-x86_64 | 0.4-2 | 19.00 | 118.00 | 137.00 | NOTE | |
r-oldrel-macos-arm64 | 0.4-2 | 7.00 | 45.00 | 52.00 | NOTE | |
r-oldrel-macos-x86_64 | 0.4-2 | 15.00 | 79.00 | 94.00 | NOTE | |
r-oldrel-windows-x86_64 | 0.4-2 | 27.00 | 144.00 | 171.00 | NOTE |
Version: 0.4-2
Check: top-level files
Result: NOTE
Found the following validation problem for the NEWS.Rd HTML conversion:
NEWS.html:512:1 (inst/NEWS.Rd:230): Warning: missing </ul> before </div>
NEWS.html:53:1 (inst/NEWS.Rd:19): Warning: <h4> anchor "fixed" already defined
NEWS.html:68:1 (inst/NEWS.Rd:26): Warning: <h4> anchor "changed" already defined
NEWS.html:174:1 (inst/NEWS.Rd:78): Warning: <h4> anchor "fixed" already defined
NEWS.html:186:1 (inst/NEWS.Rd:84): Warning: <h4> anchor "added" already defined
NEWS.html:219:1 (inst/NEWS.Rd:97): Warning: <h4> anchor "changed" already defined
NEWS.html:241:1 (inst/NEWS.Rd:107): Warning: <h4> anchor "fixed" already defined
NEWS.html:265:1 (inst/NEWS.Rd:117): Warning: <h4> anchor "added" already defined
NEWS.html:281:1 (inst/NEWS.Rd:125): Warning: <h4> anchor "changed" already defined
NEWS.html:299:1 (inst/NEWS.Rd:133): Warning: <h4> anchor "changed" already defined
NEWS.html:313:1 (inst/NEWS.Rd:139): Warning: <h4> anchor "added" already defined
NEWS.html:341:1 (inst/NEWS.Rd:153): Warning: <h4> anchor "fixed" already defined
NEWS.html:352:1 (inst/NEWS.Rd:158): Warning: <h4> anchor "changed" already defined
NEWS.html:382:1 (inst/NEWS.Rd:172): Warning: <h4> anchor "added" already defined
NEWS.html:411:1 (inst/NEWS.Rd:185): Warning: <h4> anchor "fixed" already defined
NEWS.html:423:1 (inst/NEWS.Rd:191): Warning: <h4> anchor "changed" already defined
NEWS.html:437:1 (inst/NEWS.Rd:197): Warning: <h4> anchor "added" already defined
NEWS.html:453:1 (inst/NEWS.Rd:205): Warning: <h4> anchor "changed" already defined
NEWS.html:469:1 (inst/NEWS.Rd:213): Warning: <h4> anchor "added" already defined
NEWS.html:498:1 (inst/NEWS.Rd:226): Warning: <h4> anchor "added" already defined
Flavors: r-devel-linux-x86_64-debian-clang, r-devel-linux-x86_64-debian-gcc
Version: 0.4-2
Check: Rd files
Result: NOTE
checkRd: (-1) kRp.corpus.Rd:39: Lost braces in \itemize; meant \describe ?
checkRd: (-1) kRp.corpus.Rd:40: Lost braces in \itemize; meant \describe ?
checkRd: (-1) kRp.corpus.Rd:41: Lost braces in \itemize; meant \describe ?
checkRd: (-1) kRp.corpus.Rd:42: Lost braces in \itemize; meant \describe ?
checkRd: (-1) kRp.corpus.Rd:43-44: Lost braces in \itemize; meant \describe ?
checkRd: (-1) kRp.corpus.Rd:45-47: Lost braces in \itemize; meant \describe ?
checkRd: (-1) kRp.corpus.Rd:48-49: Lost braces in \itemize; meant \describe ?
checkRd: (-1) kRp.corpus.Rd:50-52: Lost braces in \itemize; meant \describe ?
checkRd: (-1) kRp.corpus.Rd:53-54: Lost braces in \itemize; meant \describe ?
checkRd: (-1) kRp.corpus.Rd:55-56: Lost braces in \itemize; meant \describe ?
checkRd: (-1) kRp.corpus_get-methods.Rd:271: Lost braces in \itemize; meant \describe ?
checkRd: (-1) kRp.corpus_get-methods.Rd:272: Lost braces in \itemize; meant \describe ?
checkRd: (-1) kRp.corpus_get-methods.Rd:273-274: Lost braces in \itemize; meant \describe ?
checkRd: (-1) kRp.corpus_get-methods.Rd:273: Lost braces
273 | \item{\code{hasFeature()} }{returns \code{TRUE} or code{FALSE},
| ^
checkRd: (-1) kRp.corpus_get-methods.Rd:275: Lost braces in \itemize; meant \describe ?
checkRd: (-1) kRp.corpus_get-methods.Rd:276: Lost braces in \itemize; meant \describe ?
checkRd: (-1) kRp.corpus_get-methods.Rd:277: Lost braces in \itemize; meant \describe ?
checkRd: (-1) kRp.corpus_get-methods.Rd:278: Lost braces in \itemize; meant \describe ?
checkRd: (-1) kRp.corpus_get-methods.Rd:279: Lost braces in \itemize; meant \describe ?
checkRd: (-1) kRp.corpus_get-methods.Rd:280: Lost braces in \itemize; meant \describe ?
checkRd: (-1) kRp.corpus_get-methods.Rd:281: Lost braces in \itemize; meant \describe ?
checkRd: (-1) kRp.corpus_get-methods.Rd:282: Lost braces in \itemize; meant \describe ?
checkRd: (-1) kRp.corpus_get-methods.Rd:283: Lost braces in \itemize; meant \describe ?
checkRd: (-1) kRp.corpus_get-methods.Rd:284: Lost braces in \itemize; meant \describe ?
checkRd: (-1) kRp.corpus_get-methods.Rd:285: Lost braces in \itemize; meant \describe ?
checkRd: (-1) kRp.corpus_get-methods.Rd:286: Lost braces in \itemize; meant \describe ?
checkRd: (-1) kRp.corpus_get-methods.Rd:287: Lost braces in \itemize; meant \describe ?
checkRd: (-1) kRp.corpus_get-methods.Rd:288: Lost braces in \itemize; meant \describe ?
checkRd: (-1) kRp.corpus_get-methods.Rd:289: Lost braces in \itemize; meant \describe ?
checkRd: (-1) kRp.corpus_get-methods.Rd:290-291: Lost braces in \itemize; meant \describe ?
checkRd: (-1) kRp.corpus_get-methods.Rd:292-293: Lost braces in \itemize; meant \describe ?
Flavors: r-devel-linux-x86_64-debian-clang, r-devel-linux-x86_64-debian-gcc, r-devel-linux-x86_64-fedora-clang, r-devel-linux-x86_64-fedora-gcc, r-devel-windows-x86_64, r-patched-linux-x86_64, r-release-linux-x86_64, r-release-macos-arm64, r-release-macos-x86_64, r-release-windows-x86_64, r-oldrel-macos-arm64, r-oldrel-macos-x86_64, r-oldrel-windows-x86_64
Version: 0.4-2
Check: HTML version of manual
Result: NOTE
Found the following HTML validation problems:
deprecated.html:61:1 (deprecated.Rd:29): Warning: missing </ul> before </div>
show.html:47:1 (show.Rd:11): Warning: missing </ul> before </div>
Flavors: r-devel-linux-x86_64-debian-clang, r-devel-linux-x86_64-debian-gcc