Last updated on 2025-10-21 09:48:51 CEST.
Flavor | Version | Tinstall | Tcheck | Ttotal | Status | Flags |
---|---|---|---|---|---|---|
r-devel-linux-x86_64-debian-clang | 0.2.1 | 376.91 | 33.31 | 410.22 | OK | |
r-devel-linux-x86_64-debian-gcc | 0.2.1 | 307.81 | 26.83 | 334.64 | NOTE | |
r-devel-linux-x86_64-fedora-clang | 0.2.1 | 685.86 | OK | |||
r-devel-linux-x86_64-fedora-gcc | 0.2.1 | 643.86 | OK | |||
r-devel-windows-x86_64 | 0.2.1 | 398.00 | 85.00 | 483.00 | OK | |
r-patched-linux-x86_64 | 0.2.1 | 379.16 | 30.48 | 409.64 | OK | |
r-release-linux-x86_64 | 0.2.1 | 373.90 | 30.41 | 404.31 | OK | |
r-release-macos-arm64 | 0.2.1 | 174.00 | OK | |||
r-release-macos-x86_64 | 0.2.1 | 313.00 | OK | |||
r-release-windows-x86_64 | 0.2.1 | 356.00 | 101.00 | 457.00 | OK | |
r-oldrel-macos-arm64 | 0.2.1 | 186.00 | NOTE | |||
r-oldrel-macos-x86_64 | 0.2.1 | 306.00 | NOTE | |||
r-oldrel-windows-x86_64 | 0.2.1 | 365.00 | 97.00 | 462.00 | NOTE |
Version: 0.2.1
Check: HTML version of manual
Result: NOTE
Found the following HTML validation problems:
decoder_byte_level.html:84:1 (decoder_byte_level.Rd:44): Warning: <h5> anchor "Usage" already defined
encoding.html:117:1 (encoding.Rd:68): Warning: <h5> anchor "Usage" already defined
encoding.html:123:1 (encoding.Rd:72): Warning: <h5> anchor "Arguments" already defined
model_bpe.html:121:1 (model_bpe.Rd:80): Warning: <h5> anchor "Usage" already defined
model_bpe.html:127:1 (model_bpe.Rd:84): Warning: <h5> anchor "Arguments" already defined
model_unigram.html:97:1 (model_unigram.Rd:56): Warning: <h5> anchor "Usage" already defined
model_unigram.html:103:1 (model_unigram.Rd:60): Warning: <h5> anchor "Arguments" already defined
model_wordpiece.html:102:1 (model_wordpiece.Rd:61): Warning: <h5> anchor "Usage" already defined
model_wordpiece.html:108:1 (model_wordpiece.Rd:65): Warning: <h5> anchor "Arguments" already defined
normalizer_nfc.html:78:1 (normalizer_nfc.Rd:42): Warning: <h5> anchor "Usage" already defined
normalizer_nfkc.html:78:1 (normalizer_nfkc.Rd:42): Warning: <h5> anchor "Usage" already defined
pre_tokenizer.html:97:1 (pre_tokenizer.Rd:53): Warning: <h5> anchor "Usage" already defined
pre_tokenizer.html:103:1 (pre_tokenizer.Rd:57): Warning: <h5> anchor "Arguments" already defined
pre_tokenizer_byte_level.html:101:1 (pre_tokenizer_byte_level.Rd:56): Warning: <h5> anchor "Usage" already defined
pre_tokenizer_byte_level.html:107:1 (pre_tokenizer_byte_level.Rd:60): Warning: <h5> anchor "Arguments" already defined
pre_tokenizer_whitespace.html:78:1 (pre_tokenizer_whitespace.Rd:42): Warning: <h5> anchor "Usage" already defined
processor_byte_level.html:100:1 (processor_byte_level.Rd:54): Warning: <h5> anchor "Usage" already defined
processor_byte_level.html:106:1 (processor_byte_level.Rd:58): Warning: <h5> anchor "Arguments" already defined
tok_decoder.html:97:1 (tok_decoder.Rd:52): Warning: <h5> anchor "Usage" already defined
tok_decoder.html:103:1 (tok_decoder.Rd:56): Warning: <h5> anchor "Arguments" already defined
tok_model.html:97:1 (tok_model.Rd:54): Warning: <h5> anchor "Usage" already defined
tok_model.html:103:1 (tok_model.Rd:58): Warning: <h5> anchor "Arguments" already defined
tok_normalizer.html:97:1 (tok_normalizer.Rd:53): Warning: <h5> anchor "Usage" already defined
tok_normalizer.html:103:1 (tok_normalizer.Rd:57): Warning: <h5> anchor "Arguments" already defined
tok_processor.html:97:1 (tok_processor.Rd:52): Warning: <h5> anchor "Usage" already defined
tok_processor.html:103:1 (tok_processor.Rd:56): Warning: <h5> anchor "Arguments" already defined
tok_trainer.html:97:1 (tok_trainer.Rd:54): Warning: <h5> anchor "Usage" already defined
tok_trainer.html:103:1 (tok_trainer.Rd:58): Warning: <h5> anchor "Arguments" already defined
tokenizer.html:168:1 (tokenizer.Rd:91): Warning: <h5> anchor "Usage" already defined
tokenizer.html:179:1 (tokenizer.Rd:100): Warning: <h5> anchor "Arguments" already defined
tokenizer.html:210:1 (tokenizer.Rd:121): Warning: <h5> anchor "Usage" already defined
tokenizer.html:216:1 (tokenizer.Rd:125): Warning: <h5> anchor "Arguments" already defined
tokenizer.html:241:1 (tokenizer.Rd:140): Warning: <h5> anchor "Usage" already defined
tokenizer.html:251:1 (tokenizer.Rd:148): Warning: <h5> anchor "Arguments" already defined
tokenizer.html:280:1 (tokenizer.Rd:167): Warning: <h5> anchor "Usage" already defined
tokenizer.html:286:1 (tokenizer.Rd:171): Warning: <h5> anchor "Arguments" already defined
tokenizer.html:313:1 (tokenizer.Rd:188): Warning: <h5> anchor "Usage" already defined
tokenizer.html:319:1 (tokenizer.Rd:192): Warning: <h5> anchor "Arguments" already defined
tokenizer.html:342:1 (tokenizer.Rd:205): Warning: <h5> anchor "Usage" already defined
tokenizer.html:348:1 (tokenizer.Rd:209): Warning: <h5> anchor "Arguments" already defined
tokenizer.html:378:1 (tokenizer.Rd:229): Warning: <h5> anchor "Usage" already defined
tokenizer.html:384:1 (tokenizer.Rd:233): Warning: <h5> anchor "Arguments" already defined
tokenizer.html:409:1 (tokenizer.Rd:248): Warning: <h5> anchor "Usage" already defined
tokenizer.html:415:1 (tokenizer.Rd:252): Warning: <h5> anchor "Arguments" already defined
tokenizer.html:440:1 (tokenizer.Rd:267): Warning: <h5> anchor "Usage" already defined
tokenizer.html:446:1 (tokenizer.Rd:271): Warning: <h5> anchor "Arguments" already defined
tokenizer.html:471:1 (tokenizer.Rd:286): Warning: <h5> anchor "Usage" already defined
tokenizer.html:484:1 (tokenizer.Rd:297): Warning: <h5> anchor "Arguments" already defined
tokenizer.html:522:1 (tokenizer.Rd:325): Warning: <h5> anchor "Usage" already defined
tokenizer.html:538:1 (tokenizer.Rd:335): Warning: <h5> anchor "Usage" already defined
tokenizer.html:549:1 (tokenizer.Rd:344): Warning: <h5> anchor "Arguments" already defined
tokenizer.html:580:1 (tokenizer.Rd:365): Warning: <h5> anchor "Usage" already defined
tokenizer.html:596:1 (tokenizer.Rd:375): Warning: <h5> anchor "Usage" already defined
tokenizer.html:602:1 (tokenizer.Rd:379): Warning: <h5> anchor "Arguments" already defined
tokenizer.html:625:1 (tokenizer.Rd:392): Warning: <h5> anchor "Usage" already defined
tokenizer.html:631:1 (tokenizer.Rd:396): Warning: <h5> anchor "Arguments" already defined
trainer_bpe.html:125:1 (trainer_bpe.Rd:84): Warning: <h5> anchor "Usage" already defined
trainer_bpe.html:131:1 (trainer_bpe.Rd:88): Warning: <h5> anchor "Arguments" already defined
trainer_unigram.html:117:1 (trainer_unigram.Rd:76): Warning: <h5> anchor "Usage" already defined
trainer_unigram.html:123:1 (trainer_unigram.Rd:80): Warning: <h5> anchor "Arguments" already defined
trainer_wordpiece.html:122:1 (trainer_wordpiece.Rd:81): Warning: <h5> anchor "Usage" already defined
trainer_wordpiece.html:128:1 (trainer_wordpiece.Rd:85): Warning: <h5> anchor "Arguments" already defined
Flavor: r-devel-linux-x86_64-debian-gcc
Version: 0.2.1
Check: installed package size
Result: NOTE
installed size is 6.5Mb
sub-directories of 1Mb or more:
libs 5.7Mb
Flavors: r-oldrel-macos-arm64, r-oldrel-macos-x86_64, r-oldrel-windows-x86_64