Last updated on 2025-10-21 09:48:51 CEST.
Flavor | Version | Tinstall | Tcheck | Ttotal | Status | Flags |
---|---|---|---|---|---|---|
r-devel-linux-x86_64-debian-clang | 1.2.6 | 6.14 | 80.32 | 86.46 | OK | |
r-devel-linux-x86_64-debian-gcc | 1.2.6 | 4.53 | 56.79 | 61.32 | NOTE | |
r-devel-linux-x86_64-fedora-clang | 1.2.6 | 141.42 | OK | |||
r-devel-linux-x86_64-fedora-gcc | 1.2.6 | 140.43 | OK | |||
r-devel-windows-x86_64 | 1.2.6 | 10.00 | 124.00 | 134.00 | OK | |
r-patched-linux-x86_64 | 1.2.6 | 8.55 | 76.06 | 84.61 | OK | |
r-release-linux-x86_64 | 1.2.6 | 6.73 | 76.81 | 83.54 | OK | |
r-release-macos-arm64 | 1.2.6 | 79.00 | OK | |||
r-release-macos-x86_64 | 1.2.6 | 105.00 | OK | |||
r-release-windows-x86_64 | 1.2.6 | 11.00 | 126.00 | 137.00 | OK | |
r-oldrel-macos-arm64 | 1.2.6 | 88.00 | OK | |||
r-oldrel-macos-x86_64 | 1.2.6 | 105.00 | OK | |||
r-oldrel-windows-x86_64 | 1.2.6 | 13.00 | 144.00 | 157.00 | OK |
Version: 1.2.6
Check: HTML version of manual
Result: NOTE
Found the following HTML validation problems:
anaglyph.html:58:1 (anaglyph.Rd:16): Warning: missing </ul> before </div>
angular_breaks.html:46:1 (angular_breaks.Rd:10): Warning: missing </ul> before </div>
areColors.html:46:1 (areColors.Rd:10): Warning: missing </ul> before </div>
bases_little.html:50:1 (bases_little.Rd:12): Warning: missing </ul> before </div>
basis_init.html:50:1 (basis_init.Rd:12): Warning: missing </ul> before </div>
basis_random.html:50:1 (basis_random.Rd:12): Warning: missing </ul> before </div>
center.html:46:1 (center.Rd:10): Warning: missing </ul> before </div>
check_freezer_safe.html:46:1 (check_freezer_safe.Rd:10): Warning: missing </ul> before </div>
estimate_eps.html:66:1 (estimate_eps.Rd:20): Warning: missing </ul> before </div>
eucl_norm_sq.html:46:1 (eucl_norm_sq.Rd:10): Warning: missing </ul> before </div>
find_best_dir.html:60:1 (find_best_dir.Rd:16): Warning: missing </ul> before </div>
find_path_peak.html:61:1 (find_path_peak.Rd:16): Warning: missing </ul> before </div>
is_orthonormal.html:50:1 (is_orthonormal.Rd:12): Warning: missing </ul> before </div>
lda_pp.html:47:1 (lda_pp.Rd:10): Warning: missing </ul> before </div>
linear_breaks.html:54:1 (linear_breaks.Rd:14): Warning: missing </ul> before </div>
mahal_dist.html:51:1 (mahal_dist.Rd:12): Warning: missing </ul> before </div>
mapColors.html:50:1 (mapColors.Rd:12): Warning: missing </ul> before </div>
mapShapes.html:50:1 (mapShapes.Rd:12): Warning: missing </ul> before </div>
normalise.html:46:1 (normalise.Rd:10): Warning: missing </ul> before </div>
orthonormalise.html:46:1 (orthonormalise.Rd:10): Warning: missing </ul> before </div>
pda_pp.html:51:1 (pda_pp.Rd:12): Warning: missing </ul> before </div>
print_final_proj.html:46:1 (print_final_proj.Rd:10): Warning: missing </ul> before </div>
proj_dist.html:52:1 (proj_dist.Rd:12): Warning: missing </ul> before </div>
project3d.html:58:1 (project3d.Rd:16): Warning: missing </ul> before </div>
rescale.html:46:1 (rescale.Rd:10): Warning: missing </ul> before </div>
search_posse.html:78:1 (search_posse.Rd:30): Warning: missing </ul> before </div>
slice_binning.html:66:1 (slice_binning.Rd:20): Warning: missing </ul> before </div>
slice_index.html:89:1 (slice_index.Rd:38): Warning: missing </ul> before </div>
sphere_data.html:48:1 (sphere_data.Rd:11): Warning: missing </ul> before </div>
step_angle.html:50:1 (step_angle.Rd:12): Warning: missing </ul> before </div>
step_fraction.html:50:1 (step_fraction.Rd:12): Warning: missing </ul> before </div>
weights_bincount_radial.html:50:1 (weights_bincount_radial.Rd:12): Warning: missing </ul> before </div>
xnul.html:46:1 (xnul.Rd:11): Warning: missing </ul> before </div>
Flavor: r-devel-linux-x86_64-debian-gcc