Last updated on 2025-10-22 09:50:56 CEST.
Flavor | Version | Tinstall | Tcheck | Ttotal | Status | Flags |
---|---|---|---|---|---|---|
r-devel-linux-x86_64-debian-clang | 0.3.0 | 17.03 | 48.40 | 65.43 | NOTE | |
r-devel-linux-x86_64-debian-gcc | 0.3.0 | 14.36 | 35.69 | 50.05 | NOTE | |
r-devel-linux-x86_64-fedora-clang | 0.3.0 | 88.00 | 14.91 | 102.91 | OK | |
r-devel-linux-x86_64-fedora-gcc | 0.3.0 | 46.00 | 54.91 | 100.91 | OK | |
r-devel-windows-x86_64 | 0.3.0 | 35.00 | 82.00 | 117.00 | OK | |
r-patched-linux-x86_64 | 0.3.0 | 20.39 | 44.64 | 65.03 | OK | |
r-release-linux-x86_64 | 0.3.0 | 18.54 | 44.25 | 62.79 | OK | |
r-release-macos-arm64 | 0.3.0 | 12.00 | 26.00 | 38.00 | OK | |
r-release-macos-x86_64 | 0.3.0 | 16.00 | 45.00 | 61.00 | OK | |
r-release-windows-x86_64 | 0.3.0 | 32.00 | 100.00 | 132.00 | OK | |
r-oldrel-macos-arm64 | 0.3.0 | 11.00 | 26.00 | 37.00 | OK | |
r-oldrel-macos-x86_64 | 0.3.0 | 15.00 | 47.00 | 62.00 | OK | |
r-oldrel-windows-x86_64 | 0.3.0 | 38.00 | 95.00 | 133.00 | OK |
Version: 0.3.0
Check: HTML version of manual
Result: NOTE
Found the following HTML validation problems:
TreeCursor.html:132:1 (TreeCursor.Rd:80): Warning: <h5> anchor "Usage" already defined
TreeCursor.html:138:1 (TreeCursor.Rd:84): Warning: <h5> anchor "Arguments" already defined
TreeCursor.html:163:1 (TreeCursor.Rd:99): Warning: <h5> anchor "Usage" already defined
TreeCursor.html:179:1 (TreeCursor.Rd:109): Warning: <h5> anchor "Usage" already defined
TreeCursor.html:195:1 (TreeCursor.Rd:119): Warning: <h5> anchor "Usage" already defined
TreeCursor.html:211:1 (TreeCursor.Rd:129): Warning: <h5> anchor "Usage" already defined
TreeCursor.html:229:1 (TreeCursor.Rd:141): Warning: <h5> anchor "Usage" already defined
TreeCursor.html:247:1 (TreeCursor.Rd:153): Warning: <h5> anchor "Usage" already defined
TreeCursor.html:265:1 (TreeCursor.Rd:165): Warning: <h5> anchor "Usage" already defined
TreeCursor.html:283:1 (TreeCursor.Rd:177): Warning: <h5> anchor "Usage" already defined
TreeCursor.html:301:1 (TreeCursor.Rd:189): Warning: <h5> anchor "Usage" already defined
TreeCursor.html:317:1 (TreeCursor.Rd:199): Warning: <h5> anchor "Usage" already defined
TreeCursor.html:336:1 (TreeCursor.Rd:212): Warning: <h5> anchor "Usage" already defined
TreeCursor.html:342:1 (TreeCursor.Rd:216): Warning: <h5> anchor "Arguments" already defined
TreeCursor.html:370:1 (TreeCursor.Rd:234): Warning: <h5> anchor "Usage" already defined
TreeCursor.html:376:1 (TreeCursor.Rd:238): Warning: <h5> anchor "Arguments" already defined
x_tree_sitter_node.html:42:1 (x_tree_sitter_node.Rd:9): Warning: missing </ul> before </div>
x_tree_sitter_parser.html:42:1 (x_tree_sitter_parser.Rd:9): Warning: missing </ul> before </div>
x_tree_sitter_query.html:42:1 (x_tree_sitter_query.Rd:9): Warning: missing </ul> before </div>
x_tree_sitter_tree.html:42:1 (x_tree_sitter_tree.Rd:9): Warning: missing </ul> before </div>
Flavors: r-devel-linux-x86_64-debian-clang, r-devel-linux-x86_64-debian-gcc