CRAN Package Check Results for Package tsapp

Last updated on 2025-07-04 09:50:08 CEST.

Flavor Version Tinstall Tcheck Ttotal Status Flags
r-devel-linux-x86_64-debian-clang 1.0.4 10.88 79.22 90.10 NOTE
r-devel-linux-x86_64-debian-gcc 1.0.4 7.35 58.23 65.58 NOTE
r-devel-linux-x86_64-fedora-clang 1.0.4 153.24 OK
r-devel-linux-x86_64-fedora-gcc 1.0.4 139.89 OK
r-devel-windows-x86_64 1.0.4 13.00 115.00 128.00 OK
r-patched-linux-x86_64 1.0.4 10.49 74.14 84.63 OK
r-release-linux-x86_64 1.0.4 8.15 74.96 83.11 OK
r-release-macos-arm64 1.0.4 46.00 OK
r-release-macos-x86_64 1.0.4 79.00 OK
r-release-windows-x86_64 1.0.4 12.00 118.00 130.00 OK
r-oldrel-macos-arm64 1.0.4 39.00 OK
r-oldrel-macos-x86_64 1.0.4 61.00 OK
r-oldrel-windows-x86_64 1.0.4 18.00 135.00 153.00 OK

Check Details

Version: 1.0.4
Check: CRAN incoming feasibility
Result: NOTE Maintainer: ‘Rainer Schlittgen <R.Schlittgen@t-online.de>’ No Authors@R field in DESCRIPTION. Please add one, modifying Authors@R: person(given = "Rainer", family = "Schlittgen", role = c("aut", "cre"), email = "r.schlittgen@t-online.de") as necessary. Flavors: r-devel-linux-x86_64-debian-clang, r-devel-linux-x86_64-debian-gcc